{"id":56380,"date":"2023-01-29T11:17:57","date_gmt":"2023-01-29T14:17:57","guid":{"rendered":"https:\/\/nsltecnologia.com.br\/?page_id=56380"},"modified":"2024-11-04T06:43:15","modified_gmt":"2024-11-04T09:43:15","slug":"owncast-servidor-de-video-ao-vivo-e-de-bate-papo-na-web-de-codigo-aberto","status":"publish","type":"page","link":"https:\/\/nsltecnologia.com.br\/?page_id=56380","title":{"rendered":"Owncast, servidor de v\u00eddeo ao vivo e de bate-papo na Web de c\u00f3digo aberto"},"content":{"rendered":"\n<figure class=\"wp-block-image size-full is-resized\"><img loading=\"lazy\" decoding=\"async\" width=\"400\" height=\"312\" src=\"https:\/\/nsltecnologia.com.br\/wp-content\/uploads\/2023\/01\/LogoH.png\" alt=\"\" class=\"wp-image-56381\" style=\"width:152px;height:118px\" srcset=\"https:\/\/nsltecnologia.com.br\/wp-content\/uploads\/2023\/01\/LogoH.png 400w, https:\/\/nsltecnologia.com.br\/wp-content\/uploads\/2023\/01\/LogoH-300x234.png 300w\" sizes=\"auto, (max-width: 400px) 100vw, 400px\" \/><\/figure>\n\n\n\n<p>Owncast \u00e9 para pessoas que s\u00e3o <em>streamers<\/em> ao vivo ou qualquer institui\u00e7\u00e3o que deseja hospedar transmiss\u00f5es ao vivo para outras pessoas.&nbsp;\u00c9 uma transmiss\u00e3o&nbsp;<em>\u201c<strong>um para muitos<\/strong>\u201d<\/em>&nbsp;muito parecida com Twitch, Facebook Live, YouTube Live, etc.<\/p>\n\n\n\n<div style=\"height:27px\" aria-hidden=\"true\" class=\"wp-block-spacer\"><\/div>\n\n\n\n<p>O Owncast\u2122 n\u00e3o \u00e9 para videoconfer\u00eancia ou qualquer caso de uso em que v\u00e1rias pessoas desejam ver o v\u00eddeo umas das outras.\u00a0\u00a0Pode ser uma boa alternativa se voc\u00ea \u00e9 algu\u00e9m que n\u00e3o quer depender de grandes empresas ou quer a capacidade de construir algo totalmente personalizado, com acessos p\u00fablico ou privado, que esteja mais de acordo com a experi\u00eancia que eles desejam oferecer.\u00a0Ele permite que voc\u00ea ofere\u00e7a uma experi\u00eancia de transmiss\u00e3o ao vivo <strong>sem rastreamento, an\u00e1lises invasivas ou publicidades.<\/strong><\/p>\n\n\n\n<div style=\"height:28px\" aria-hidden=\"true\" class=\"wp-block-spacer\"><\/div>\n\n\n\n<div class=\"wp-block-columns is-layout-flex wp-container-core-columns-is-layout-1 wp-block-columns-is-layout-flex\">\n<div class=\"wp-block-column is-vertically-aligned-center is-layout-flow wp-block-column-is-layout-flow\">\n<p class=\"has-text-align-center\">Pronto para uso, h\u00e1 um site totalmente funcional com bate-papo integrado e um reprodutor de v\u00eddeo,  voc\u00ea pode especificar o nome do site, logotipo e links de redes sociais..&nbsp;\u00c9 seu.&nbsp;Voc\u00ea tamb\u00e9m pode desativar completamente a interface da Web inclu\u00edda e, em vez disso, incorporar sua transmiss\u00e3o ao seu site existente.&nbsp;<strong>Construa algo legal!<\/strong><\/p>\n<\/div>\n\n\n\n<div class=\"wp-block-column is-layout-flow wp-block-column-is-layout-flow\">\n<figure class=\"wp-block-image size-full\"><img loading=\"lazy\" decoding=\"async\" width=\"1000\" height=\"608\" src=\"https:\/\/nsltecnologia.com.br\/wp-content\/uploads\/2023\/01\/owncast-splash.png\" alt=\"\" class=\"wp-image-56383\" srcset=\"https:\/\/nsltecnologia.com.br\/wp-content\/uploads\/2023\/01\/owncast-splash.png 1000w, https:\/\/nsltecnologia.com.br\/wp-content\/uploads\/2023\/01\/owncast-splash-300x182.png 300w, https:\/\/nsltecnologia.com.br\/wp-content\/uploads\/2023\/01\/owncast-splash-768x467.png 768w, https:\/\/nsltecnologia.com.br\/wp-content\/uploads\/2023\/01\/owncast-splash-600x365.png 600w\" sizes=\"auto, (max-width: 1000px) 100vw, 1000px\" \/><\/figure>\n<\/div>\n<\/div>\n\n\n\n<div style=\"height:42px\" aria-hidden=\"true\" class=\"wp-block-spacer\"><\/div>\n\n\n\n<div class=\"wp-block-columns is-layout-flex wp-container-core-columns-is-layout-2 wp-block-columns-is-layout-flex\">\n<div class=\"wp-block-column is-layout-flow wp-block-column-is-layout-flow\"><div class=\"wp-block-image\">\n<figure class=\"aligncenter size-full is-resized\"><img loading=\"lazy\" decoding=\"async\" width=\"400\" height=\"355\" src=\"https:\/\/nsltecnologia.com.br\/wp-content\/uploads\/2023\/01\/img_laptop-400x355-1.png\" alt=\"\" class=\"wp-image-56048\" style=\"width:91px;height:80px\" srcset=\"https:\/\/nsltecnologia.com.br\/wp-content\/uploads\/2023\/01\/img_laptop-400x355-1.png 400w, https:\/\/nsltecnologia.com.br\/wp-content\/uploads\/2023\/01\/img_laptop-400x355-1-300x266.png 300w\" sizes=\"auto, (max-width: 400px) 100vw, 400px\" \/><\/figure><\/div>\n\n\n<h5 class=\"wp-block-heading has-text-align-center\">AUTO-HOSPEDADO E INDEPENDENTE<\/h5>\n\n\n\n<p class=\"has-text-align-center\">Tenha total controle e propriedade sobre seu stream, permitindo que voc\u00ea crie o conte\u00fado e a comunidade que deseja.<\/p>\n<\/div>\n\n\n\n<div class=\"wp-block-column is-layout-flow wp-block-column-is-layout-flow\"><div class=\"wp-block-image\">\n<figure class=\"aligncenter size-full is-resized\"><img loading=\"lazy\" decoding=\"async\" width=\"200\" height=\"200\" src=\"https:\/\/nsltecnologia.com.br\/wp-content\/uploads\/2023\/01\/icon_get-200x200-1.png\" alt=\"\" class=\"wp-image-56073\" style=\"width:79px;height:79px\" srcset=\"https:\/\/nsltecnologia.com.br\/wp-content\/uploads\/2023\/01\/icon_get-200x200-1.png 200w, https:\/\/nsltecnologia.com.br\/wp-content\/uploads\/2023\/01\/icon_get-200x200-1-150x150.png 150w, https:\/\/nsltecnologia.com.br\/wp-content\/uploads\/2023\/01\/icon_get-200x200-1-100x100.png 100w\" sizes=\"auto, (max-width: 200px) 100vw, 200px\" \/><\/figure><\/div>\n\n\n<h5 class=\"wp-block-heading has-text-align-center\">BATE-PAPO<\/h5>\n\n\n\n<p class=\"has-text-align-center\">O bate-papo integrado sem atrito permite que seus espectadores fa\u00e7am parte da a\u00e7\u00e3o.&nbsp;Inclua emotes personalizados e crie&nbsp;bots de bate-papo para incentivar o envolvimento de seus espectadores.<\/p>\n<\/div>\n\n\n\n<div class=\"wp-block-column is-layout-flow wp-block-column-is-layout-flow\"><div class=\"wp-block-image\">\n<figure class=\"aligncenter size-full is-resized\"><img loading=\"lazy\" decoding=\"async\" width=\"200\" height=\"200\" src=\"https:\/\/nsltecnologia.com.br\/wp-content\/uploads\/2023\/01\/icon_request-200x200-1.png\" alt=\"\" class=\"wp-image-56072\" style=\"width:78px;height:78px\" srcset=\"https:\/\/nsltecnologia.com.br\/wp-content\/uploads\/2023\/01\/icon_request-200x200-1.png 200w, https:\/\/nsltecnologia.com.br\/wp-content\/uploads\/2023\/01\/icon_request-200x200-1-150x150.png 150w, https:\/\/nsltecnologia.com.br\/wp-content\/uploads\/2023\/01\/icon_request-200x200-1-100x100.png 100w\" sizes=\"auto, (max-width: 200px) 100vw, 200px\" \/><\/figure><\/div>\n\n\n<h5 class=\"wp-block-heading\">INTEGRE COM O SEU SOFTWARE<\/h5>\n\n\n\n<p class=\"has-text-align-center\">Aponte seu software de transmiss\u00e3o existente para o servidor Owncast e comece a transmitir com armazenamento interno ou externo para opcionalmente disponibilizar seus v\u00eddeos. <\/p>\n<\/div>\n<\/div>\n\n\n\n<div style=\"height:42px\" aria-hidden=\"true\" class=\"wp-block-spacer\"><\/div>\n\n\n\n<div class=\"wp-block-columns is-layout-flex wp-container-core-columns-is-layout-3 wp-block-columns-is-layout-flex\">\n<div class=\"wp-block-column is-layout-flow wp-block-column-is-layout-flow\">\n<h3 class=\"wp-block-heading\">Streamers Fediverse, Owncast!<\/h3>\n\n\n\n<p>O Owncast traz o Owncast para o&nbsp;<a href=\"https:\/\/en.wikipedia.org\/wiki\/Fediverse\">Fediverso<\/a>&nbsp;.Com esses recursos, as pessoas podem seguir seu servidor e serem alertadas quando voc\u00ea entrar no ar. Al\u00e9m disso, \u00e0 medida que as pessoas se envolvem com suas notifica\u00e7\u00f5es ao vivo fora do seu servidor, elas aparecer\u00e3o no seu bate-papo. Isso incentiva as pessoas a compartilhar seu stream e obter um pouco de reconhecimento por isso.<\/p>\n\n\n\n<p>Voc\u00ea tamb\u00e9m pode compor postagens no administrador do Owncast para enviar aos seus seguidores, alertando as pessoas sobre seus planos de transmiss\u00e3o ou para lembrar os seguidores de que voc\u00ea ainda est\u00e1 transmitindo e que pode visit\u00e1-los, por exemplo. <strong>Crie sua comunidade !<\/strong><\/p>\n<\/div>\n<\/div>\n\n\n<div class=\"wp-block-image\">\n<figure class=\"aligncenter size-large\"><img loading=\"lazy\" decoding=\"async\" width=\"1024\" height=\"244\" src=\"https:\/\/nsltecnologia.com.br\/wp-content\/uploads\/2023\/01\/image-31-1024x244.png\" alt=\"\" class=\"wp-image-56402\" srcset=\"https:\/\/nsltecnologia.com.br\/wp-content\/uploads\/2023\/01\/image-31-1024x244.png 1024w, https:\/\/nsltecnologia.com.br\/wp-content\/uploads\/2023\/01\/image-31-300x71.png 300w, https:\/\/nsltecnologia.com.br\/wp-content\/uploads\/2023\/01\/image-31-768x183.png 768w, https:\/\/nsltecnologia.com.br\/wp-content\/uploads\/2023\/01\/image-31-1536x365.png 1536w, https:\/\/nsltecnologia.com.br\/wp-content\/uploads\/2023\/01\/image-31-600x143.png 600w, https:\/\/nsltecnologia.com.br\/wp-content\/uploads\/2023\/01\/image-31.png 1602w\" sizes=\"auto, (max-width: 1024px) 100vw, 1024px\" \/><\/figure><\/div>\n\n\n<div style=\"height:43px\" aria-hidden=\"true\" class=\"wp-block-spacer\"><\/div>\n\n\n\n<div style=\"height:42px\" aria-hidden=\"true\" class=\"wp-block-spacer\"><\/div>\n\n\n\n<h2 class=\"wp-block-heading has-text-align-center\">Transmiss\u00f5es ao vivo agora<\/h2>\n\n\n\n<p><strong>Ambiente Demonstra\u00e7\u00e3o NSL: <\/strong><a href=\"https:\/\/owncastapp.nsltecnologia.com.br\/\">owncastapp.nsltecnologia.com.br<\/a><\/p>\n\n\n<div class=\"wp-block-image\">\n<figure class=\"aligncenter size-large\"><a href=\"https:\/\/directory.owncast.online\/\"><img loading=\"lazy\" decoding=\"async\" width=\"1024\" height=\"576\" src=\"https:\/\/nsltecnologia.com.br\/wp-content\/uploads\/2023\/01\/image-30-1024x576.png\" alt=\"\" class=\"wp-image-56388\" srcset=\"https:\/\/nsltecnologia.com.br\/wp-content\/uploads\/2023\/01\/image-30-1024x576.png 1024w, https:\/\/nsltecnologia.com.br\/wp-content\/uploads\/2023\/01\/image-30-300x169.png 300w, https:\/\/nsltecnologia.com.br\/wp-content\/uploads\/2023\/01\/image-30-768x432.png 768w, https:\/\/nsltecnologia.com.br\/wp-content\/uploads\/2023\/01\/image-30-1536x864.png 1536w, https:\/\/nsltecnologia.com.br\/wp-content\/uploads\/2023\/01\/image-30.png 1920w, https:\/\/nsltecnologia.com.br\/wp-content\/uploads\/2023\/01\/image-30-600x338.png 600w\" sizes=\"auto, (max-width: 1024px) 100vw, 1024px\" \/><\/a><\/figure><\/div>\n\n\n<div style=\"height:42px\" aria-hidden=\"true\" class=\"wp-block-spacer\"><\/div>\n\n\n\n<h2 class=\"wp-block-heading has-text-align-center\">Plano de hospedagem gerenciado para Owncast\u2122<\/h2>\n\n\n\n<p>Oferecemos hospedagem econ\u00f4mica da nuvem Owncast\u2122 projetada para atender \u00e0s suas necessidades de neg\u00f3cios. Sem taxas de licenciamento<em>(licen\u00e7a<\/em> <em>GPL)<\/em>, quantidade de usu\u00e1rios ilimitados e recursos livres.<\/p>\n\n\n\n<p>Uma oferta de servi\u00e7os totalmente gerenciados (PaaS) \u00e9 o melhor gerenciamento de v\u00eddeos, oferecendo seguran\u00e7a e conformidade de n\u00edvel empresarial at\u00e9 os dispositivos dos usu\u00e1rios, mantendo a simplicidade e a facilidade de acesso.<\/p>\n\n\n\n<div class=\"wp-block-columns is-layout-flex wp-container-core-columns-is-layout-4 wp-block-columns-is-layout-flex\">\n<div class=\"wp-block-column is-layout-flow wp-block-column-is-layout-flow\"><div class=\"wp-block-image\">\n<figure class=\"aligncenter size-full is-resized\"><img loading=\"lazy\" decoding=\"async\" width=\"200\" height=\"200\" src=\"https:\/\/nsltecnologia.com.br\/wp-content\/uploads\/2023\/01\/icon_request-200x200-1.png\" alt=\"\" class=\"wp-image-56072\" style=\"width:109px;height:auto\" srcset=\"https:\/\/nsltecnologia.com.br\/wp-content\/uploads\/2023\/01\/icon_request-200x200-1.png 200w, https:\/\/nsltecnologia.com.br\/wp-content\/uploads\/2023\/01\/icon_request-200x200-1-150x150.png 150w, https:\/\/nsltecnologia.com.br\/wp-content\/uploads\/2023\/01\/icon_request-200x200-1-100x100.png 100w\" sizes=\"auto, (max-width: 200px) 100vw, 200px\" \/><\/figure><\/div>\n\n\n<h4 class=\"wp-block-heading has-text-align-center\">Solicite uma demonstra\u00e7\u00e3o<\/h4>\n\n\n\n<p class=\"has-text-align-center\">Pe\u00e7a a um consultor de vendas experiente que fale com voc\u00ea sobre o Owncast\u2122 e o valor que ele pode trazer para sua empresa.<\/p>\n\n\n\n<div class=\"wp-block-buttons is-layout-flex wp-block-buttons-is-layout-flex\">\n<div class=\"wp-block-button aligncenter\"><a class=\"wp-block-button__link wp-element-button\" href=\"https:\/\/nsltecnologia.com.br\/#contact-4\">Contato<\/a><\/div>\n<\/div>\n<\/div>\n\n\n\n<div class=\"wp-block-column is-layout-flow wp-block-column-is-layout-flow\"><div class=\"wp-block-image\">\n<figure class=\"aligncenter size-full is-resized\"><img loading=\"lazy\" decoding=\"async\" width=\"200\" height=\"200\" src=\"https:\/\/nsltecnologia.com.br\/wp-content\/uploads\/2023\/01\/icon_get-200x200-1.png\" alt=\"\" class=\"wp-image-56073\" style=\"width:105px;height:auto\" srcset=\"https:\/\/nsltecnologia.com.br\/wp-content\/uploads\/2023\/01\/icon_get-200x200-1.png 200w, https:\/\/nsltecnologia.com.br\/wp-content\/uploads\/2023\/01\/icon_get-200x200-1-150x150.png 150w, https:\/\/nsltecnologia.com.br\/wp-content\/uploads\/2023\/01\/icon_get-200x200-1-100x100.png 100w\" sizes=\"auto, (max-width: 200px) 100vw, 200px\" \/><\/figure><\/div>\n\n\n<h4 class=\"wp-block-heading has-text-align-center\">Entrar em contato<\/h4>\n\n\n\n<p class=\"has-text-align-center\">Converse hoje para discutir suas necessidades.&nbsp;Estamos ansiosos para ouvir de voc\u00ea!<\/p>\n\n\n\n<div class=\"wp-block-jetpack-send-a-message\">\n<div class=\"wp-block-jetpack-whatsapp-button aligncenter is-color-dark\"><a class=\"whatsapp-block__button\" href=\"https:\/\/api.whatsapp.com\/send?phone=5598984958061&amp;text=Oi%2C%20encontrei%20suas%20informa%C3%A7%C3%B5es%20do%20WhatsApp%20no%20seu%20site.\" style=\"background-color:#25D366;color:#fff\" target=\"_self\" rel=\"noopener noreferrer\">Converse com um consultor<\/a><\/div>\n<\/div>\n<\/div>\n<\/div>\n\n\n\n<div style=\"height:42px\" aria-hidden=\"true\" class=\"wp-block-spacer\"><\/div>\n\n\n<div class=\"wp-block-image\">\n<figure class=\"aligncenter size-large is-resized\"><img loading=\"lazy\" decoding=\"async\" width=\"1024\" height=\"177\" src=\"https:\/\/nsltecnologia.com.br\/wp-content\/uploads\/2024\/11\/image-1-1024x177.png\" alt=\"\" class=\"wp-image-57629\" style=\"width:1135px;height:auto\" srcset=\"https:\/\/nsltecnologia.com.br\/wp-content\/uploads\/2024\/11\/image-1-1024x177.png 1024w, https:\/\/nsltecnologia.com.br\/wp-content\/uploads\/2024\/11\/image-1-300x52.png 300w, https:\/\/nsltecnologia.com.br\/wp-content\/uploads\/2024\/11\/image-1-768x133.png 768w, https:\/\/nsltecnologia.com.br\/wp-content\/uploads\/2024\/11\/image-1-1536x265.png 1536w, https:\/\/nsltecnologia.com.br\/wp-content\/uploads\/2024\/11\/image-1-600x104.png 600w, https:\/\/nsltecnologia.com.br\/wp-content\/uploads\/2024\/11\/image-1.png 1586w\" sizes=\"auto, (max-width: 1024px) 100vw, 1024px\" \/><\/figure><\/div>","protected":false},"excerpt":{"rendered":"<p>Owncast \u00e9 para pessoas que s\u00e3o streamers ao vivo ou qualquer institui\u00e7\u00e3o que deseja hospedar transmiss\u00f5es ao vivo para outras pessoas.&nbsp;\u00c9 uma transmiss\u00e3o&nbsp;\u201cum para muitos\u201d&nbsp;muito parecida com Twitch, Facebook Live, YouTube Live, etc. O Owncast\u2122 n\u00e3o \u00e9 para videoconfer\u00eancia ou qualquer caso de uso em que v\u00e1rias pessoas desejam ver o v\u00eddeo umas das outras.\u00a0\u00a0Pode&hellip; <br \/> <a class=\"button small blue\" href=\"https:\/\/nsltecnologia.com.br\/?page_id=56380\">Leia mais<\/a><\/p>\n","protected":false},"author":1,"featured_media":0,"parent":0,"menu_order":0,"comment_status":"closed","ping_status":"closed","template":"","meta":{"_uag_custom_page_level_css":"","footnotes":""},"class_list":["post-56380","page","type-page","status-publish","hentry"],"uagb_featured_image_src":{"full":false,"thumbnail":false,"medium":false,"medium_large":false,"large":false,"1536x1536":false,"2048x2048":false,"post-thumbnail":false,"one-page-express-full-hd":false},"uagb_author_info":{"display_name":"nsl","author_link":"https:\/\/nsltecnologia.com.br\/?author=1"},"uagb_comment_info":0,"uagb_excerpt":"Owncast \u00e9 para pessoas que s\u00e3o streamers ao vivo ou qualquer institui\u00e7\u00e3o que deseja hospedar transmiss\u00f5es ao vivo para outras pessoas.&nbsp;\u00c9 uma transmiss\u00e3o&nbsp;\u201cum para muitos\u201d&nbsp;muito parecida com Twitch, Facebook Live, YouTube Live, etc. O Owncast\u2122 n\u00e3o \u00e9 para videoconfer\u00eancia ou qualquer caso de uso em que v\u00e1rias pessoas desejam ver o v\u00eddeo umas das outras.\u00a0\u00a0Pode&hellip;&hellip;","_links":{"self":[{"href":"https:\/\/nsltecnologia.com.br\/index.php?rest_route=\/wp\/v2\/pages\/56380","targetHints":{"allow":["GET"]}}],"collection":[{"href":"https:\/\/nsltecnologia.com.br\/index.php?rest_route=\/wp\/v2\/pages"}],"about":[{"href":"https:\/\/nsltecnologia.com.br\/index.php?rest_route=\/wp\/v2\/types\/page"}],"author":[{"embeddable":true,"href":"https:\/\/nsltecnologia.com.br\/index.php?rest_route=\/wp\/v2\/users\/1"}],"replies":[{"embeddable":true,"href":"https:\/\/nsltecnologia.com.br\/index.php?rest_route=%2Fwp%2Fv2%2Fcomments&post=56380"}],"version-history":[{"count":19,"href":"https:\/\/nsltecnologia.com.br\/index.php?rest_route=\/wp\/v2\/pages\/56380\/revisions"}],"predecessor-version":[{"id":57639,"href":"https:\/\/nsltecnologia.com.br\/index.php?rest_route=\/wp\/v2\/pages\/56380\/revisions\/57639"}],"wp:attachment":[{"href":"https:\/\/nsltecnologia.com.br\/index.php?rest_route=%2Fwp%2Fv2%2Fmedia&parent=56380"}],"curies":[{"name":"wp","href":"https:\/\/api.w.org\/{rel}","templated":true}]}}