{"id":55734,"date":"2022-12-27T13:13:50","date_gmt":"2022-12-27T16:13:50","guid":{"rendered":"https:\/\/nsltecnologia.com.br\/?page_id=55734"},"modified":"2022-12-27T13:16:59","modified_gmt":"2022-12-27T16:16:59","slug":"erpnext-distribuicao","status":"publish","type":"page","link":"https:\/\/nsltecnologia.com.br\/?page_id=55734","title":{"rendered":"ERPNext Distribui\u00e7\u00e3o"},"content":{"rendered":"\n<h1 class=\"wp-block-heading\">Simplifique seu atacado com o melhor software ERP de distribui\u00e7\u00e3o do mundo<\/h1>\n\n\n\n<p>Rastreie de forma inteligente o atendimento de pedidos, reduza a aquisi\u00e7\u00e3o incorreta de estoque, controle os n\u00edveis de estoque, aplique esquemas promocionais e simplifique seu neg\u00f3cio de distribui\u00e7\u00e3o.&nbsp;Configure e integre sua conta Amazon, WooCommerce ou Shopify e comece a vender sua mercadoria.<\/p>\n\n\n\n<p>Confi\u00e1vel por empresas em todo o mundo<\/p>\n\n\n\n<h2 class=\"wp-block-heading\">Saiba onde est\u00e1 o seu neg\u00f3cio<\/h2>\n\n\n\n<p>Compat\u00edvel com qualquer dispositivo, o ERPNext \u00e9 o software ERP de distribui\u00e7\u00e3o flex\u00edvel e f\u00e1cil de usar.&nbsp;Totalmente integrado ao estoque, ele ajuda voc\u00ea a gerenciar todo o seu neg\u00f3cio com controle de estoque e contabilidade em tempo real.<br><br>Rastreie cada item ou lote em seu invent\u00e1rio com os recursos de n\u00famero de s\u00e9rie e rastreamento de lote.&nbsp;Dessa forma, voc\u00ea pode acompanhar sempre a movimenta\u00e7\u00e3o dos itens ou ter um melhor controle sobre o vencimento de cada lote.&nbsp;Verifique os n\u00edveis de estoque, gerencie as transfer\u00eancias entre armaz\u00e9ns e gere relat\u00f3rios para armaz\u00e9ns espec\u00edficos em segundos.&nbsp;\u00c9 o gerenciamento de estoque do armaz\u00e9m, ao seu alcance.<img loading=\"lazy\" decoding=\"async\" alt=\"Software ERP de distribui\u00e7\u00e3o de c\u00f3digo aberto\" src=\"https:\/\/erpnext.com\/files\/stock-summary.png\" width=\"1281\" height=\"800\"><\/p>\n\n\n\n<h2 class=\"wp-block-heading\">A\u00e7\u00f5es<\/h2>\n\n\n\n<p>O ERPNext usa invent\u00e1rio integrado para fornecer uma vis\u00e3o em tempo real da disponibilidade do produto e ajud\u00e1-lo a gerenciar os n\u00edveis de estoque (entre locais e armaz\u00e9ns), transfer\u00eancias de estoque e muito mais.&nbsp;Itens em lote ou serializados \u2014 fa\u00e7a a sua escolha.&nbsp;Com o ERPNext, voc\u00ea pode registrar os itens recebidos em lotes, juntamente com suas datas de fabrica\u00e7\u00e3o e validade.<\/p>\n\n\n\n<figure class=\"wp-block-image\"><img decoding=\"async\" src=\"https:\/\/erpnext.com\/files\/item.png\" alt=\"A\u00e7\u00f5es\"\/><\/figure>\n\n\n\n<h2 class=\"wp-block-heading\">Gerenciamento de v\u00e1rias lojas<\/h2>\n\n\n\n<p>Cadastre novas filiais da sua empresa com poucos cliques, e comece a negociar agora mesmo!&nbsp;Voc\u00ea pode configurar dimens\u00f5es para cada filial e analisar despesas, movimentos de estoque, lucros e perdas para obter a lucratividade geral do seu neg\u00f3cio de distribui\u00e7\u00e3o.&nbsp;Obtenha taxas de remessa em tempo real e detalhes em tr\u00e2nsito das principais transportadoras.<\/p>\n\n\n\n<figure class=\"wp-block-image\"><img decoding=\"async\" src=\"https:\/\/erpnext.com\/files\/multistore-management.png\" alt=\"Gerenciamento de v\u00e1rias lojas\"\/><\/figure>\n\n\n\n<h2 class=\"wp-block-heading\">variantes de itens<\/h2>\n\n\n\n<p>Os distribuidores precisam gerenciar milhares de permuta\u00e7\u00f5es de produtos em diferentes cores, acabamentos, formas e comprimentos.&nbsp;No ERPNext, o item principal \u00e9 armazenado como um modelo de item e cada uma das varia\u00e7\u00f5es \u00e9 armazenada como uma variante de item.<\/p>\n\n\n\n<figure class=\"wp-block-image\"><img decoding=\"async\" src=\"https:\/\/erpnext.com\/files\/stock-variants.png\" alt=\"variantes de itens\"\/><\/figure>\n\n\n\n<h2 class=\"wp-block-heading\">Esquemas promocionais<\/h2>\n\n\n\n<p>Introduzido para grandes varejistas e distribuidores, nunca foi t\u00e3o f\u00e1cil gerenciar descontos ou margens com base em taxa ou valor.&nbsp;Com esquemas promocionais, voc\u00ea pode gerenciar descontos de itens para diferentes partes ou condi\u00e7\u00f5es.&nbsp;Os esquemas promocionais alterar\u00e3o automaticamente as regras de pre\u00e7os aplic\u00e1veis.<\/p>\n\n\n\n<figure class=\"wp-block-image\"><img decoding=\"async\" src=\"https:\/\/erpnext.com\/files\/promotional-schemes.png\" alt=\"Esquemas promocionais\"\/><\/figure>\n\n\n\n<h2 class=\"wp-block-heading\">Automatize a reposi\u00e7\u00e3o de estoque<\/h2>\n\n\n\n<p>Para evitar falta de estoque, acompanhe o n\u00edvel de reabastecimento de um item.&nbsp;Quando o n\u00edvel de estoque ficar abaixo do n\u00edvel de reabastecimento, o ERPNext criar\u00e1 automaticamente uma solicita\u00e7\u00e3o de material.&nbsp;Isso ajuda a reabastecer o estoque exatamente no momento certo e reduz as chances de esgotamento do estoque.&nbsp;E-mails de notifica\u00e7\u00e3o ser\u00e3o enviados aos gerentes de estoque e compras para que eles possam processar a compra das mercadorias e evitar o risco de ruptura.<\/p>\n\n\n\n<p><img loading=\"lazy\" decoding=\"async\" alt=\"Software ERP de distribui\u00e7\u00e3o de c\u00f3digo aberto - automatize o reabastecimento de estoque\" src=\"https:\/\/erpnext.com\/files\/automate-stock-replenishment.png\" width=\"1281\" height=\"800\"><\/p>\n\n\n\n<h2 class=\"wp-block-heading\">Vendas multicanal<\/h2>\n\n\n\n<p>Seja Shopify, WooCommerce ou Amazon MWS, \u00e9 f\u00e1cil integrar itens, clientes e pedidos de vendas do ERPNext com aplicativos de vendas de terceiros.&nbsp;Basta uma configura\u00e7\u00e3o de 4 cliques para tornar as vendas mais f\u00e1ceis e sua vida mais f\u00e1cil.<\/p>\n\n\n\n<figure class=\"wp-block-image\"><img decoding=\"async\" src=\"https:\/\/erpnext.com\/files\/integrations.jpeg\" alt=\"Vendas multicanal\"\/><\/figure>\n\n\n\n<h2 class=\"wp-block-heading\">Contabilidade em v\u00e1rias moedas<\/h2>\n\n\n\n<p>Gerenciar transa\u00e7\u00f5es em diferentes moedas \u00e9 simples com nosso software de distribui\u00e7\u00e3o.&nbsp;Envie faturas e adicione despesas em qualquer moeda e deixe o sistema convert\u00ea-las para sua moeda base.&nbsp;Voc\u00ea pode at\u00e9 ver transa\u00e7\u00f5es financeiras e relat\u00f3rios em v\u00e1rias moedas.<\/p>\n\n\n\n<figure class=\"wp-block-image\"><img decoding=\"async\" src=\"https:\/\/erpnext.com\/files\/multi-currency-accounting387fe5.png\" alt=\"Contabilidade em v\u00e1rias moedas\"\/><\/figure>\n\n\n\n<h2 class=\"wp-block-heading\">Faturamento e pre\u00e7os<\/h2>\n\n\n\n<p>Faturar seus clientes e buscar pagamentos a receber com solicita\u00e7\u00f5es de pagamento e notifica\u00e7\u00f5es por e-mail\/SMS.&nbsp;Processe transa\u00e7\u00f5es mais rapidamente com modelos de formato de impress\u00e3o personalizados (usando modelos HTML ou Jinja) e configura\u00e7\u00e3o \u00fanica.<\/p>\n\n\n\n<figure class=\"wp-block-image\"><img decoding=\"async\" src=\"https:\/\/erpnext.com\/files\/billing-sales-invoice.png\" alt=\"Faturamento e pre\u00e7os\"\/><\/figure>\n\n\n\n<h2 class=\"wp-block-heading\">Cr\u00e9ditos e receb\u00edveis<\/h2>\n\n\n\n<p>Gerencie melhor seus clientes e crie programas de fidelidade e esquemas de pre\u00e7os para sua empresa em minutos.&nbsp;Mantenha os limites de cr\u00e9dito, visualize as contas a receber e o faturamento total e analise a receita m\u00e9dia do cliente com relat\u00f3rios prontos para uso.<br><br>Mantenha o dinheiro vindo de dentro deste pr\u00f3prio software ERP de distribui\u00e7\u00e3o!&nbsp;Envie or\u00e7amentos, converta-os em faturas e receba pagamentos on-line no prazo.&nbsp;Mostre total transpar\u00eancia nas vendas por meio do portal do cliente.<\/p>\n\n\n\n<figure class=\"wp-block-image\"><img decoding=\"async\" src=\"https:\/\/erpnext.com\/files\/credits-and-receivables.png\" alt=\"Cr\u00e9ditos e receb\u00edveis\"\/><\/figure>\n\n\n\n<h2 class=\"wp-block-heading\">Personaliza\u00e7\u00f5es instant\u00e2neas<\/h2>\n\n\n\n<p>Crie seu pr\u00f3prio software de distribui\u00e7\u00e3o.&nbsp;Mapeie seus dados mais importantes adicionando campos personalizados em seus formul\u00e1rios.&nbsp;Personalize o comportamento do formul\u00e1rio buscando valores automaticamente, oculte campos com base nas fun\u00e7\u00f5es do usu\u00e1rio e crie formatos de impress\u00e3o personalizados \u2014 tudo sem uma \u00fanica linha de c\u00f3digo.<\/p>\n\n\n\n<figure class=\"wp-block-image\"><img decoding=\"async\" src=\"https:\/\/erpnext.com\/files\/customize-form-1.png\" alt=\"Personaliza\u00e7\u00f5es instant\u00e2neas\"\/><\/figure>\n\n\n\n<p><\/p>\n\n\n\n<h3 class=\"has-text-align-center wp-block-heading\">ERPNext \u00e9 a melhor solu\u00e7\u00e3o ERP 100% Open Source do mundo<\/h3>\n\n\n\n<p class=\"has-text-align-center\">Software de c\u00f3digo aberto para empresas modernas<\/p>\n\n\n\n<p><\/p>\n\n\n\n<div class=\"wp-block-columns is-layout-flex wp-container-core-columns-is-layout-1 wp-block-columns-is-layout-flex\">\n<div class=\"wp-block-column is-layout-flow wp-block-column-is-layout-flow\">\n<p><img decoding=\"async\" alt=\"\u00cdcone para Contabilidade Financeira\" src=\"https:\/\/erpnext.com\/files\/money-coins.svg\"><\/p>\n\n\n\n<h4 class=\"wp-block-heading\">Contabilidade Financeira<\/h4>\n\n\n\n<p>Obtenha uma vis\u00e3o em tempo real do seu fluxo de caixa.&nbsp;M\u00f3dulo de contabilidade completo que cobre todos os aspectos da contabilidade.<\/p>\n\n\n\n<p><a href=\"https:\/\/nsltecnologia.com.br\/?page_id=55678\">Saiba mais \u2192<\/a><\/p>\n<\/div>\n\n\n\n<div class=\"wp-block-column is-layout-flow wp-block-column-is-layout-flow\">\n<p><img decoding=\"async\" alt=\"\u00cdcone para gerenciamento de pedidos\" src=\"https:\/\/erpnext.com\/files\/Sell.svg\"><\/p>\n\n\n\n<h4 class=\"wp-block-heading\">Gerenciamento de Pedidos<\/h4>\n\n\n\n<p>Aumente a produtividade e reduza os custos gerenciando seus ciclos de vendas e compras, desde a compra at\u00e9 os pedidos de venda<\/p>\n\n\n\n<p><a href=\"https:\/\/nsltecnologia.com.br\/?page_id=55682\">Saiba mais \u2192<\/a><\/p>\n<\/div>\n\n\n\n<div class=\"wp-block-column is-layout-flow wp-block-column-is-layout-flow\">\n<p><img decoding=\"async\" alt=\"\u00cdcone para RH e folha de pagamento\" src=\"https:\/\/erpnext.com\/files\/HR.svg\"><\/p>\n\n\n\n<h4 class=\"wp-block-heading\">RH e folha de pagamento<\/h4>\n\n\n\n<p>Gerencie o ciclo de vida completo do funcion\u00e1rio desde a integra\u00e7\u00e3o, folha de pagamento, atendimento, declara\u00e7\u00f5es de despesas, ativos at\u00e9 a separa\u00e7\u00e3o.<\/p>\n\n\n\n<p><a href=\"https:\/\/nsltecnologia.com.br\/?page_id=55685\">Saiba mais \u2192<\/a><\/p>\n<\/div>\n<\/div>\n\n\n\n<div class=\"wp-block-columns is-layout-flex wp-container-core-columns-is-layout-2 wp-block-columns-is-layout-flex\">\n<div class=\"wp-block-column is-layout-flow wp-block-column-is-layout-flow\">\n<p><img decoding=\"async\" alt=\"\u00cdcone para Manufatura\" src=\"https:\/\/erpnext.com\/files\/Oranisation.svg\"><\/p>\n\n\n\n<h4 class=\"wp-block-heading\">Manufatura<\/h4>\n\n\n\n<p>Mantenha e gerencie com efic\u00e1cia a lista de materiais multin\u00edvel, o planejamento da produ\u00e7\u00e3o, os cart\u00f5es de trabalho e o estoque.<\/p>\n\n\n\n<p><a href=\"https:\/\/nsltecnologia.com.br\/?page_id=55664\">Saiba mais \u2192<\/a><\/p>\n<\/div>\n\n\n\n<div class=\"wp-block-column is-layout-flow wp-block-column-is-layout-flow\">\n<p><img decoding=\"async\" alt=\"\u00cdcone para CRM\" src=\"https:\/\/erpnext.com\/files\/CRM.svg\"><\/p>\n\n\n\n<h4 class=\"wp-block-heading\">CRM<\/h4>\n\n\n\n<p>Conquiste e retenha mais clientes otimizando o processo de vendas.&nbsp;Rastreie leads, oportunidades e envie as cota\u00e7\u00f5es em qualquer lugar.<\/p>\n\n\n\n<p><a href=\"https:\/\/nsltecnologia.com.br\/?page_id=55688\">Saiba mais \u2192<\/a><\/p>\n<\/div>\n\n\n\n<div class=\"wp-block-column is-layout-flow wp-block-column-is-layout-flow\">\n<p><img decoding=\"async\" alt=\"\u00cdcone para Projetos\" src=\"https:\/\/erpnext.com\/files\/Projectss.svg\"><\/p>\n\n\n\n<h4 class=\"wp-block-heading\">Projetos<\/h4>\n\n\n\n<p>Entregue projetos internos e externos dentro do prazo, or\u00e7amento e lucratividade.&nbsp;Rastreie tarefas, quadros de hor\u00e1rios e problemas por projeto.<\/p>\n\n\n\n<p><a href=\"https:\/\/nsltecnologia.com.br\/?page_id=55691\">Saiba mais \u2192<\/a><\/p>\n<\/div>\n<\/div>\n\n\n\n<div class=\"wp-block-columns is-layout-flex wp-container-core-columns-is-layout-3 wp-block-columns-is-layout-flex\">\n<div class=\"wp-block-column is-layout-flow wp-block-column-is-layout-flow\">\n<p><img decoding=\"async\" alt=\"\u00cdcone para Helpdesk\" src=\"https:\/\/erpnext.com\/files\/Support.svg\"><\/p>\n\n\n\n<h4 class=\"wp-block-heading\">Central de Ajuda<\/h4>\n\n\n\n<p>Ofere\u00e7a uma melhor experi\u00eancia de servi\u00e7o com um rastreador de problemas intuitivo e uma base de conhecimento integrada.<\/p>\n\n\n\n<p><a href=\"https:\/\/nsltecnologia.com.br\/?page_id=55705\">Saiba mais \u2192<\/a><\/p>\n<\/div>\n\n\n\n<div class=\"wp-block-column is-layout-flow wp-block-column-is-layout-flow\">\n<p><img decoding=\"async\" alt=\"\u00cdcone para gerenciamento de ativos\" src=\"https:\/\/erpnext.com\/files\/Assets.svg\"><\/p>\n\n\n\n<h4 class=\"wp-block-heading\">Gest\u00e3o de ativos<\/h4>\n\n\n\n<p>Manter e gerenciar detalhes de ativos, sua movimenta\u00e7\u00e3o, ajuste de valor e deprecia\u00e7\u00e3o.<\/p>\n\n\n\n<p><a href=\"https:\/\/nsltecnologia.com.br\/?page_id=55698\">Saiba mais \u2192<\/a><\/p>\n<\/div>\n\n\n\n<div class=\"wp-block-column is-layout-flow wp-block-column-is-layout-flow\">\n<p><img decoding=\"async\" alt=\"\u00edcone para site\" src=\"https:\/\/erpnext.com\/files\/Website.svg\"><\/p>\n\n\n\n<h4 class=\"wp-block-heading\">Site<\/h4>\n\n\n\n<p>O ERPNext vem com gerenciamento de conte\u00fado completo com blogs, p\u00e1ginas da web e formul\u00e1rios.<\/p>\n\n\n\n<p><a href=\"https:\/\/nsltecnologia.com.br\/?page_id=55702\">Saiba mais \u2192<\/a><\/p>\n<\/div>\n<\/div>\n","protected":false},"excerpt":{"rendered":"<p>Simplifique seu atacado com o melhor software ERP de distribui\u00e7\u00e3o do mundo Rastreie de forma inteligente o atendimento de pedidos, reduza a aquisi\u00e7\u00e3o incorreta de estoque, controle os n\u00edveis de estoque, aplique esquemas promocionais e simplifique seu neg\u00f3cio de distribui\u00e7\u00e3o.&nbsp;Configure e integre sua conta Amazon, WooCommerce ou Shopify e comece a vender sua mercadoria. Confi\u00e1vel&hellip; <br \/> <a class=\"button small blue\" href=\"https:\/\/nsltecnologia.com.br\/?page_id=55734\">Leia mais<\/a><\/p>\n","protected":false},"author":1,"featured_media":0,"parent":0,"menu_order":0,"comment_status":"closed","ping_status":"closed","template":"","meta":{"_uag_custom_page_level_css":"","footnotes":""},"class_list":["post-55734","page","type-page","status-publish","hentry"],"uagb_featured_image_src":{"full":false,"thumbnail":false,"medium":false,"medium_large":false,"large":false,"1536x1536":false,"2048x2048":false,"post-thumbnail":false,"one-page-express-full-hd":false},"uagb_author_info":{"display_name":"nsl","author_link":"https:\/\/nsltecnologia.com.br\/?author=1"},"uagb_comment_info":0,"uagb_excerpt":"Simplifique seu atacado com o melhor software ERP de distribui\u00e7\u00e3o do mundo Rastreie de forma inteligente o atendimento de pedidos, reduza a aquisi\u00e7\u00e3o incorreta de estoque, controle os n\u00edveis de estoque, aplique esquemas promocionais e simplifique seu neg\u00f3cio de distribui\u00e7\u00e3o.&nbsp;Configure e integre sua conta Amazon, WooCommerce ou Shopify e comece a vender sua mercadoria. Confi\u00e1vel&hellip;&hellip;","_links":{"self":[{"href":"https:\/\/nsltecnologia.com.br\/index.php?rest_route=\/wp\/v2\/pages\/55734","targetHints":{"allow":["GET"]}}],"collection":[{"href":"https:\/\/nsltecnologia.com.br\/index.php?rest_route=\/wp\/v2\/pages"}],"about":[{"href":"https:\/\/nsltecnologia.com.br\/index.php?rest_route=\/wp\/v2\/types\/page"}],"author":[{"embeddable":true,"href":"https:\/\/nsltecnologia.com.br\/index.php?rest_route=\/wp\/v2\/users\/1"}],"replies":[{"embeddable":true,"href":"https:\/\/nsltecnologia.com.br\/index.php?rest_route=%2Fwp%2Fv2%2Fcomments&post=55734"}],"version-history":[{"count":2,"href":"https:\/\/nsltecnologia.com.br\/index.php?rest_route=\/wp\/v2\/pages\/55734\/revisions"}],"predecessor-version":[{"id":55737,"href":"https:\/\/nsltecnologia.com.br\/index.php?rest_route=\/wp\/v2\/pages\/55734\/revisions\/55737"}],"wp:attachment":[{"href":"https:\/\/nsltecnologia.com.br\/index.php?rest_route=%2Fwp%2Fv2%2Fmedia&parent=55734"}],"curies":[{"name":"wp","href":"https:\/\/api.w.org\/{rel}","templated":true}]}}