{"id":55688,"date":"2022-12-27T12:17:29","date_gmt":"2022-12-27T15:17:29","guid":{"rendered":"https:\/\/nsltecnologia.com.br\/?page_id=55688"},"modified":"2022-12-27T13:07:14","modified_gmt":"2022-12-27T16:07:14","slug":"erpnext-crm","status":"publish","type":"page","link":"https:\/\/nsltecnologia.com.br\/?page_id=55688","title":{"rendered":"ERPNext CRM"},"content":{"rendered":"\n<h1 class=\"wp-block-heading\">Feche vendas mais rapidamente com o melhor CRM de c\u00f3digo aberto do mundo<\/h1>\n\n\n\n<p>O ERPNext \u00e9 a melhor ferramenta para fazer mais em menos tempo.&nbsp;Obtenha leads, impulsione as vendas, automatize tarefas mundanas, conecte-se com seus clientes em potencial e expanda seus neg\u00f3cios &#8211; tudo com o verdadeiro CRM centrado no cliente.<\/p>\n\n\n\n<p>Confi\u00e1vel por empresas em todo o mundo<\/p>\n\n\n\n<h2 class=\"wp-block-heading\">Vis\u00e3o de 360 \u200b\u200bgraus do seu neg\u00f3cio<\/h2>\n\n\n\n<p><img loading=\"lazy\" decoding=\"async\" alt=\"CRM de c\u00f3digo aberto - Painel\" src=\"https:\/\/erpnext.com\/files\/opportunity-dashboard4ddb50.png\" width=\"1281\" height=\"800\"><\/p>\n\n\n\n<h2 class=\"wp-block-heading\">Intera\u00e7\u00f5es Omnichannel<\/h2>\n\n\n\n<p>N\u00e3o perca nada de seus leads.&nbsp;O ERPNext facilita a convers\u00e3o de todas as intera\u00e7\u00f5es em dados para que sua equipe de vendas n\u00e3o precise fazer malabarismos entre aplicativos.&nbsp;Com Call Popup, voc\u00ea pode receber notifica\u00e7\u00f5es ao vivo de chamadas recebidas em seu desktop.&nbsp;Voc\u00ea tamb\u00e9m pode transformar e-mails em sua caixa de entrada em leads com este software de CRM de c\u00f3digo aberto.<\/p>\n\n\n\n<figure class=\"wp-block-image\"><img decoding=\"async\" src=\"https:\/\/erpnext.com\/files\/omnichannel-interactions.png\" alt=\"Intera\u00e7\u00f5es Omnichannel\"\/><\/figure>\n\n\n\n<h2 class=\"wp-block-heading\">Automatize tarefas di\u00e1rias<\/h2>\n\n\n\n<p>Reduza a sobrecarga do trabalho manual configurando regras de atribui\u00e7\u00e3o (como round robin ou balanceamento de carga) para distribuir automaticamente os leads entre a equipe.&nbsp;Isso deixa mais tempo para responder aos clientes, capacitando sua equipe de vendas para cumprir os compromissos no prazo.<\/p>\n\n\n\n<figure class=\"wp-block-image\"><img decoding=\"async\" src=\"https:\/\/erpnext.com\/files\/opportunity-assignementcbbccd.png\" alt=\"Automatize tarefas di\u00e1rias\"\/><\/figure>\n\n\n\n<h2 class=\"wp-block-heading\">Efici\u00eancia da Equipe de Vendas<\/h2>\n\n\n\n<p>N\u00e3o perca a vis\u00e3o geral de sua equipe de vendas.&nbsp;O ERPNext inclui relat\u00f3rios prontos para uso para monitorar o desempenho da equipe e analisar o tr\u00e1fego de leads ou o est\u00e1gio de vendas de todos os prospects.&nbsp;Voc\u00ea pode at\u00e9 colaborar para abordar leads ou oportunidades com v\u00e1rias atribui\u00e7\u00f5es ou men\u00e7\u00f5es.<\/p>\n\n\n\n<figure class=\"wp-block-image\"><img decoding=\"async\" src=\"https:\/\/erpnext.com\/files\/lead-owner-efficiency.png\" alt=\"Efici\u00eancia da Equipe de Vendas\"\/><\/figure>\n\n\n\n<h2 class=\"wp-block-heading\">Visibilidade Total do Pipeline de Vendas<\/h2>\n\n\n\n<p>O CRM de c\u00f3digo aberto do ERPNext inclui uma visualiza\u00e7\u00e3o em tempo real de importantes oportunidades de vendas e marketing.&nbsp;Isso ajuda voc\u00ea a criar uma estrat\u00e9gia para aumentar suas taxas de convers\u00e3o de lead em neg\u00f3cio.<\/p>\n\n\n\n<p><img loading=\"lazy\" decoding=\"async\" alt=\"CRM de c\u00f3digo aberto - Pipeline\" src=\"https:\/\/erpnext.com\/files\/pipeline69b211.png\" width=\"1281\" height=\"800\"><\/p>\n\n\n\n<h2 class=\"wp-block-heading\">Cita\u00e7\u00f5es n\u00edtidas e bonitas<\/h2>\n\n\n\n<p>As primeiras impress\u00f5es importam.&nbsp;Embeleze suas cota\u00e7\u00f5es e mantenha os documentos consistentes com modelos de formato de impress\u00e3o personalizados (usando modelos HTML ou Jinja) e configura\u00e7\u00f5es \u00fanicas.<\/p>\n\n\n\n<figure class=\"wp-block-image\"><img decoding=\"async\" src=\"https:\/\/erpnext.com\/files\/sp-quotations-print.png\" alt=\"Cita\u00e7\u00f5es n\u00edtidas e bonitas\"\/><\/figure>\n\n\n\n<h2 class=\"wp-block-heading\">Marketing digital<\/h2>\n\n\n\n<p>Nossa ferramenta de CRM de c\u00f3digo aberto aumenta o fechamento de leads.&nbsp;Use campanhas de e-mail para marketing direcionado, envie e-mails em massa para seus clientes com belos boletins informativos e colha os benef\u00edcios de suas campanhas com an\u00e1lise granular de fontes de leads.<\/p>\n\n\n\n<figure class=\"wp-block-image\"><img decoding=\"async\" src=\"https:\/\/erpnext.com\/files\/newsletterbd704e.png\" alt=\"Marketing digital\"\/><\/figure>\n\n\n\n<h2 class=\"wp-block-heading\">Personaliza\u00e7\u00f5es instant\u00e2neas<\/h2>\n\n\n\n<p>Crie seu pr\u00f3prio software CRM de c\u00f3digo aberto.&nbsp;Mapeie seus dados mais importantes adicionando campos personalizados em seus formul\u00e1rios.&nbsp;Personalize o comportamento do formul\u00e1rio buscando valores automaticamente, oculte campos com base nas fun\u00e7\u00f5es do usu\u00e1rio e crie formatos de impress\u00e3o personalizados \u2014 tudo sem uma \u00fanica linha de c\u00f3digo.<\/p>\n\n\n\n<figure class=\"wp-block-image\"><img decoding=\"async\" src=\"https:\/\/erpnext.com\/files\/customize-lead.png\" alt=\"Personaliza\u00e7\u00f5es instant\u00e2neas\"\/><\/figure>\n\n\n\n<p><\/p>\n\n\n\n<p><\/p>\n\n\n\n<h3 class=\"has-text-align-center wp-block-heading\">ERPNext \u00e9 a melhor solu\u00e7\u00e3o ERP 100% Open Source do mundo<\/h3>\n\n\n\n<p class=\"has-text-align-center\">Software de c\u00f3digo aberto para empresas modernas<\/p>\n\n\n\n<p><\/p>\n\n\n\n<div class=\"wp-block-columns is-layout-flex wp-container-core-columns-is-layout-1 wp-block-columns-is-layout-flex\">\n<div class=\"wp-block-column is-layout-flow wp-block-column-is-layout-flow\">\n<p><img decoding=\"async\" alt=\"\u00cdcone para Contabilidade Financeira\" src=\"https:\/\/erpnext.com\/files\/money-coins.svg\"><\/p>\n\n\n\n<h4 class=\"wp-block-heading\">Contabilidade Financeira<\/h4>\n\n\n\n<p>Obtenha uma vis\u00e3o em tempo real do seu fluxo de caixa.&nbsp;M\u00f3dulo de contabilidade completo que cobre todos os aspectos da contabilidade.<\/p>\n\n\n\n<p><a href=\"https:\/\/nsltecnologia.com.br\/?page_id=55678\">Saiba mais \u2192<\/a><\/p>\n<\/div>\n\n\n\n<div class=\"wp-block-column is-layout-flow wp-block-column-is-layout-flow\">\n<p><img decoding=\"async\" alt=\"\u00cdcone para gerenciamento de pedidos\" src=\"https:\/\/erpnext.com\/files\/Sell.svg\"><\/p>\n\n\n\n<h4 class=\"wp-block-heading\">Gerenciamento de Pedidos<\/h4>\n\n\n\n<p>Aumente a produtividade e reduza os custos gerenciando seus ciclos de vendas e compras, desde a compra at\u00e9 os pedidos de venda<\/p>\n\n\n\n<p><a href=\"https:\/\/nsltecnologia.com.br\/?page_id=55682\">Saiba mais \u2192<\/a><\/p>\n<\/div>\n\n\n\n<div class=\"wp-block-column is-layout-flow wp-block-column-is-layout-flow\">\n<p><img decoding=\"async\" alt=\"\u00cdcone para RH e folha de pagamento\" src=\"https:\/\/erpnext.com\/files\/HR.svg\"><\/p>\n\n\n\n<h4 class=\"wp-block-heading\">RH e folha de pagamento<\/h4>\n\n\n\n<p>Gerencie o ciclo de vida completo do funcion\u00e1rio desde a integra\u00e7\u00e3o, folha de pagamento, atendimento, declara\u00e7\u00f5es de despesas, ativos at\u00e9 a separa\u00e7\u00e3o.<\/p>\n\n\n\n<p><a href=\"https:\/\/nsltecnologia.com.br\/?page_id=55685\">Saiba mais \u2192<\/a><\/p>\n<\/div>\n<\/div>\n\n\n\n<div class=\"wp-block-columns is-layout-flex wp-container-core-columns-is-layout-2 wp-block-columns-is-layout-flex\">\n<div class=\"wp-block-column is-layout-flow wp-block-column-is-layout-flow\">\n<p><img decoding=\"async\" alt=\"\u00cdcone para Manufatura\" src=\"https:\/\/erpnext.com\/files\/Oranisation.svg\"><\/p>\n\n\n\n<h4 class=\"wp-block-heading\">Manufatura<\/h4>\n\n\n\n<p>Mantenha e gerencie com efic\u00e1cia a lista de materiais multin\u00edvel, o planejamento da produ\u00e7\u00e3o, os cart\u00f5es de trabalho e o estoque.<\/p>\n\n\n\n<p><a href=\"https:\/\/nsltecnologia.com.br\/?page_id=55664\">Saiba mais \u2192<\/a><\/p>\n<\/div>\n\n\n\n<div class=\"wp-block-column is-layout-flow wp-block-column-is-layout-flow\">\n<p><img decoding=\"async\" alt=\"\u00cdcone para CRM\" src=\"https:\/\/erpnext.com\/files\/CRM.svg\"><\/p>\n\n\n\n<h4 class=\"wp-block-heading\">CRM<\/h4>\n\n\n\n<p>Conquiste e retenha mais clientes otimizando o processo de vendas.&nbsp;Rastreie leads, oportunidades e envie as cota\u00e7\u00f5es em qualquer lugar.<\/p>\n\n\n\n<p><a href=\"https:\/\/nsltecnologia.com.br\/?page_id=55688\">Saiba mais \u2192<\/a><\/p>\n<\/div>\n\n\n\n<div class=\"wp-block-column is-layout-flow wp-block-column-is-layout-flow\">\n<p><img decoding=\"async\" alt=\"\u00cdcone para Projetos\" src=\"https:\/\/erpnext.com\/files\/Projectss.svg\"><\/p>\n\n\n\n<h4 class=\"wp-block-heading\">Projetos<\/h4>\n\n\n\n<p>Entregue projetos internos e externos dentro do prazo, or\u00e7amento e lucratividade.&nbsp;Rastreie tarefas, quadros de hor\u00e1rios e problemas por projeto.<\/p>\n\n\n\n<p><a href=\"https:\/\/nsltecnologia.com.br\/?page_id=55691\">Saiba mais \u2192<\/a><\/p>\n<\/div>\n<\/div>\n","protected":false},"excerpt":{"rendered":"<p>Feche vendas mais rapidamente com o melhor CRM de c\u00f3digo aberto do mundo O ERPNext \u00e9 a melhor ferramenta para fazer mais em menos tempo.&nbsp;Obtenha leads, impulsione as vendas, automatize tarefas mundanas, conecte-se com seus clientes em potencial e expanda seus neg\u00f3cios &#8211; tudo com o verdadeiro CRM centrado no cliente. Confi\u00e1vel por empresas em&hellip; <br \/> <a class=\"button small blue\" href=\"https:\/\/nsltecnologia.com.br\/?page_id=55688\">Leia mais<\/a><\/p>\n","protected":false},"author":1,"featured_media":0,"parent":0,"menu_order":0,"comment_status":"closed","ping_status":"closed","template":"","meta":{"_uag_custom_page_level_css":"","footnotes":""},"class_list":["post-55688","page","type-page","status-publish","hentry"],"uagb_featured_image_src":{"full":false,"thumbnail":false,"medium":false,"medium_large":false,"large":false,"1536x1536":false,"2048x2048":false,"post-thumbnail":false,"one-page-express-full-hd":false},"uagb_author_info":{"display_name":"nsl","author_link":"https:\/\/nsltecnologia.com.br\/?author=1"},"uagb_comment_info":0,"uagb_excerpt":"Feche vendas mais rapidamente com o melhor CRM de c\u00f3digo aberto do mundo O ERPNext \u00e9 a melhor ferramenta para fazer mais em menos tempo.&nbsp;Obtenha leads, impulsione as vendas, automatize tarefas mundanas, conecte-se com seus clientes em potencial e expanda seus neg\u00f3cios &#8211; tudo com o verdadeiro CRM centrado no cliente. Confi\u00e1vel por empresas em&hellip;&hellip;","_links":{"self":[{"href":"https:\/\/nsltecnologia.com.br\/index.php?rest_route=\/wp\/v2\/pages\/55688","targetHints":{"allow":["GET"]}}],"collection":[{"href":"https:\/\/nsltecnologia.com.br\/index.php?rest_route=\/wp\/v2\/pages"}],"about":[{"href":"https:\/\/nsltecnologia.com.br\/index.php?rest_route=\/wp\/v2\/types\/page"}],"author":[{"embeddable":true,"href":"https:\/\/nsltecnologia.com.br\/index.php?rest_route=\/wp\/v2\/users\/1"}],"replies":[{"embeddable":true,"href":"https:\/\/nsltecnologia.com.br\/index.php?rest_route=%2Fwp%2Fv2%2Fcomments&post=55688"}],"version-history":[{"count":2,"href":"https:\/\/nsltecnologia.com.br\/index.php?rest_route=\/wp\/v2\/pages\/55688\/revisions"}],"predecessor-version":[{"id":55731,"href":"https:\/\/nsltecnologia.com.br\/index.php?rest_route=\/wp\/v2\/pages\/55688\/revisions\/55731"}],"wp:attachment":[{"href":"https:\/\/nsltecnologia.com.br\/index.php?rest_route=%2Fwp%2Fv2%2Fmedia&parent=55688"}],"curies":[{"name":"wp","href":"https:\/\/api.w.org\/{rel}","templated":true}]}}