{"id":55682,"date":"2022-12-27T12:06:13","date_gmt":"2022-12-27T15:06:13","guid":{"rendered":"https:\/\/nsltecnologia.com.br\/?page_id=55682"},"modified":"2022-12-27T12:06:13","modified_gmt":"2022-12-27T15:06:13","slug":"erpnext-gerenciamento-de-pedidos","status":"publish","type":"page","link":"https:\/\/nsltecnologia.com.br\/?page_id=55682","title":{"rendered":"ERPNext Gerenciamento de Pedidos"},"content":{"rendered":"\n<h1 class=\"wp-block-heading\">Reinvente as vendas e a cadeia de suprimentos com uma ferramenta de vendas e compras de c\u00f3digo aberto<\/h1>\n\n\n\n<p>Rastreie os n\u00edveis de estoque, reabaste\u00e7a o estoque e gerencie pedidos de vendas, clientes, fornecedores, remessas, entregas e atendimento de pedidos &#8211; tudo em um ERP de vendas e compras de c\u00f3digo aberto.<\/p>\n\n\n\n<h2 class=\"wp-block-heading\">Visualiza\u00e7\u00e3o em tempo real de suas vendas e compras<\/h2>\n\n\n\n<p>O ERPNext traz todos os dados cr\u00edticos de vendas e compras para um s\u00f3 lugar.&nbsp;Os pain\u00e9is fornecem uma vis\u00e3o r\u00e1pida dos principais indicadores de desempenho relevantes para os processos de neg\u00f3cios.&nbsp;Com dimens\u00f5es cont\u00e1beis configur\u00e1veis \u200b\u200be pain\u00e9is personaliz\u00e1veis, finalmente \u00e9 poss\u00edvel analisar todos os componentes do seu neg\u00f3cio em um s\u00f3 lugar.<img loading=\"lazy\" decoding=\"async\" alt=\"Vendas e Compras de C\u00f3digo Aberto - Painel de Vendas\" src=\"https:\/\/erpnext.com\/files\/sp-sales-dashboardaa4032.png\" width=\"1280\" height=\"799\"><\/p>\n\n\n\n<h2 class=\"wp-block-heading\">Variantes de itens<\/h2>\n\n\n\n<p>As empresas precisam gerenciar milhares de permuta\u00e7\u00f5es de produtos em diferentes cores, acabamentos, formas e tamanhos.&nbsp;No ERPNext, o item principal \u00e9 armazenado como um modelo de item e cada uma das varia\u00e7\u00f5es \u00e9 armazenada como uma variante de item.<\/p>\n\n\n\n<figure class=\"wp-block-image\"><img decoding=\"async\" src=\"https:\/\/erpnext.com\/files\/sp-item-variants.png\" alt=\"Variantes de itens\"\/><\/figure>\n\n\n\n<h2 class=\"wp-block-heading\">Rastrear N\u00fameros de S\u00e9rie<\/h2>\n\n\n\n<p>O recurso Serialized Inventory do ERPNext \u00e9 \u00fatil para manter uma vis\u00e3o em tempo real da disponibilidade e estoque de produtos em todos os locais.&nbsp;Voc\u00ea pode at\u00e9 usar um n\u00famero de s\u00e9rie para rastrear todo o ciclo de vida de um item \u2014 desde sua aquisi\u00e7\u00e3o ou fabrica\u00e7\u00e3o at\u00e9 a venda e entrega.&nbsp;Digitalize c\u00f3digos de barras com a c\u00e2mera do dispositivo para uma pesquisa extremamente r\u00e1pida e resultados mais r\u00e1pidos.<\/p>\n\n\n\n<figure class=\"wp-block-image\"><img decoding=\"async\" src=\"https:\/\/erpnext.com\/files\/sp-serialised-inventory.png\" alt=\"Rastrear N\u00fameros de S\u00e9rie\"\/><\/figure>\n\n\n\n<h2 class=\"wp-block-heading\">Gerenciar lotes<\/h2>\n\n\n\n<p>Itens em lote podem ser facilmente gerenciados com o invent\u00e1rio integrado do ERPNext \u2014 manter datas de fabrica\u00e7\u00e3o e vencimento, analisar vencimentos de itens e assim por diante.&nbsp;Voc\u00ea tamb\u00e9m pode configurar a nomenclatura autom\u00e1tica de lote para que toda a sua equipe tenha que se preocupar com compras e vendas, sem manter IDs de lote.<\/p>\n\n\n\n<figure class=\"wp-block-image\"><img decoding=\"async\" src=\"https:\/\/erpnext.com\/files\/sp-batches.png\" alt=\"Gerenciar lotes\"\/><\/figure>\n\n\n\n<h2 class=\"wp-block-heading\">Vendas multicanal<\/h2>\n\n\n\n<p>Seja Shopify, WooCommerce ou Amazon MWS, \u00e9 f\u00e1cil integrar itens, clientes e pedidos de vendas do ERPNext com aplicativos de vendas de terceiros.&nbsp;Basta uma configura\u00e7\u00e3o de 4 cliques para tornar as vendas mais f\u00e1ceis e sua vida mais f\u00e1cil.<\/p>\n\n\n\n<figure class=\"wp-block-image\"><img decoding=\"async\" src=\"https:\/\/erpnext.com\/files\/erpnext-integrations.png\" alt=\"Vendas multicanal\"\/><\/figure>\n\n\n\n<h2 class=\"wp-block-heading\">Formatos de impress\u00e3o elegantes<\/h2>\n\n\n\n<p>As primeiras impress\u00f5es importam.&nbsp;Embeleze suas cota\u00e7\u00f5es e mantenha os documentos impec\u00e1veis \u200b\u200be consistentes com modelos de formato de impress\u00e3o personalizados (usando modelos HTML ou Jinja) e configura\u00e7\u00e3o \u00fanica.<\/p>\n\n\n\n<figure class=\"wp-block-image\"><img decoding=\"async\" src=\"https:\/\/erpnext.com\/files\/sp-quotations-print.png\" alt=\"Formatos de impress\u00e3o elegantes\"\/><\/figure>\n\n\n\n<h2 class=\"wp-block-heading\">Ferramentas Poderosas de Marketing<\/h2>\n\n\n\n<p>Nossa ferramenta de CRM de c\u00f3digo aberto aumenta o fechamento de leads.&nbsp;Use campanhas de e-mail para marketing direcionado, envie e-mails em massa para seus clientes com belos boletins informativos e colha os benef\u00edcios de suas campanhas com an\u00e1lise granular de fontes de leads.<\/p>\n\n\n\n<figure class=\"wp-block-image\"><img decoding=\"async\" src=\"https:\/\/erpnext.com\/files\/newsletterbd704e.png\" alt=\"Ferramentas Poderosas de Marketing\"\/><\/figure>\n\n\n\n<h2 class=\"wp-block-heading\">Di\u00e1rios e Pagamentos<\/h2>\n\n\n\n<p>Mantenha um livro raz\u00e3o limpo e n\u00edtido para evitar incompatibilidades ao fechar contas.&nbsp;Acompanhe receitas e despesas (diferidas ou acumuladas), configure notifica\u00e7\u00f5es para fechamento de per\u00edodo e controle o fluxo de caixa.&nbsp;Os adiantamentos podem ser registrados e reconciliados de uma s\u00f3 vez.<\/p>\n\n\n\n<p><img loading=\"lazy\" decoding=\"async\" alt=\"Vendas e Compras de C\u00f3digo Aberto - Di\u00e1rios e Pagamentos\" src=\"https:\/\/erpnext.com\/files\/general-ledger.png\" width=\"3044\" height=\"1898\"><\/p>\n\n\n\n<h2 class=\"wp-block-heading\">Contas a receber<\/h2>\n\n\n\n<p>Acompanhe o saldo que os clientes devem a voc\u00ea em rela\u00e7\u00e3o \u00e0s faturas de vendas que voc\u00ea j\u00e1 enviou a eles.&nbsp;Voc\u00ea pode importar os detalhes de contas a receber existentes usando a ferramenta Cria\u00e7\u00e3o de fatura de abertura.<\/p>\n\n\n\n<figure class=\"wp-block-image\"><img decoding=\"async\" src=\"https:\/\/erpnext.com\/files\/sp-accounts-receivable.png\" alt=\"Contas a receber\"\/><\/figure>\n\n\n\n<h2 class=\"wp-block-heading\">Acesso do cliente<\/h2>\n\n\n\n<p>Se voc\u00ea trabalha com clientes, vai adorar o ERPNext.&nbsp;Registre tudo com seus clientes e sua equipe.&nbsp;Usando o ERPNext, os clientes podem n\u00e3o apenas visualizar o status do projeto, mas tamb\u00e9m levantar quest\u00f5es de suporte, digitalizar faturas faturadas e assim por diante.&nbsp;Voc\u00ea tamb\u00e9m pode us\u00e1-lo para an\u00fancios tamb\u00e9m!&nbsp;Ofere\u00e7a a seus clientes uma experi\u00eancia completa e impec\u00e1vel enquanto eles aguardam a entrega de seus servi\u00e7os.<\/p>\n\n\n\n<figure class=\"wp-block-image\"><img decoding=\"async\" src=\"https:\/\/erpnext.com\/files\/customer-accessef27fc.png\" alt=\"Acesso do cliente\"\/><\/figure>\n\n\n\n<h2 class=\"wp-block-heading\">E-mails unificados e rastreados<\/h2>\n\n\n\n<p>Evite encalhar e-mails importantes sincronizando suas contas de e-mail no ERPNext.&nbsp;Com uma trilha unificada de todas as correspond\u00eancias e respostas autom\u00e1ticas para e-mails recebidos, voc\u00ea pode contar com uma comunica\u00e7\u00e3o tranquila com todas as partes interessadas (seja membros internos da equipe do projeto ou clientes externos).<\/p>\n\n\n\n<figure class=\"wp-block-image\"><img decoding=\"async\" src=\"https:\/\/erpnext.com\/files\/sp-email.png\" alt=\"E-mails unificados e rastreados\"\/><\/figure>\n\n\n\n<h2 class=\"wp-block-heading\">Armazenamento de Documentos<\/h2>\n\n\n\n<p>A documenta\u00e7\u00e3o dos projetos pode ser complexa, por isso \u00e9 importante que todos possam acessar os arquivos de que precisam.&nbsp;O ERPNext facilita a acessibilidade, com upload e compartilhamento integrados para arquivos multim\u00eddia (como imagens, v\u00eddeos, documentos).&nbsp;Voc\u00ea pode optar por fazer upload de arquivos diretamente ou usar um link da web.<\/p>\n\n\n\n<figure class=\"wp-block-image\"><img decoding=\"async\" src=\"https:\/\/erpnext.com\/files\/sp-documents-storage.png\" alt=\"Armazenamento de Documentos\"\/><\/figure>\n\n\n\n<h2 class=\"wp-block-heading\">Reposi\u00e7\u00e3o de estoque<\/h2>\n\n\n\n<p>Para evitar falta de estoque, acompanhe o n\u00edvel de reabastecimento de um item.&nbsp;Quando o n\u00edvel de estoque ficar abaixo do n\u00edvel de reabastecimento, o ERPNext criar\u00e1 automaticamente uma solicita\u00e7\u00e3o de material.&nbsp;Isso ajuda a reabastecer o estoque exatamente no momento certo e reduz as chances de esgotamento do estoque.<\/p>\n\n\n\n<figure class=\"wp-block-image\"><img decoding=\"async\" src=\"https:\/\/erpnext.com\/files\/automate-stock-replenishment6915b5.png\" alt=\"Reposi\u00e7\u00e3o de estoque\"\/><\/figure>\n\n\n\n<h2 class=\"wp-block-heading\">Esquemas promocionais<\/h2>\n\n\n\n<p>Introduzido para grandes varejistas e distribuidores, nunca foi t\u00e3o f\u00e1cil gerenciar descontos ou margens com base em taxa ou valor.&nbsp;Com esquemas promocionais, voc\u00ea pode gerenciar descontos de itens para diferentes partes ou condi\u00e7\u00f5es.&nbsp;Os esquemas promocionais alterar\u00e3o automaticamente as regras de pre\u00e7os aplic\u00e1veis.<\/p>\n\n\n\n<p><img loading=\"lazy\" decoding=\"async\" alt=\"Vendas e Compras de C\u00f3digo Aberto - Esquemas Promocionais\" src=\"https:\/\/erpnext.com\/files\/sp-promotional-schemes.png\" width=\"1281\" height=\"800\"><\/p>\n\n\n\n<h2 class=\"wp-block-heading\">Gest\u00e3o de fornecedores<\/h2>\n\n\n\n<p>O ERPNext inclui op\u00e7\u00f5es para avisar sobre RFQs e POs ou prevenir RFQs e POs.&nbsp;A moeda do seu fornecedor pode ser diferente da moeda da sua empresa, e nosso software cuidar\u00e1 de todas as taxas de c\u00e2mbio e convers\u00f5es.<\/p>\n\n\n\n<figure class=\"wp-block-image\"><img decoding=\"async\" src=\"https:\/\/erpnext.com\/files\/sp-vendors.png\" alt=\"Gest\u00e3o de fornecedores\"\/><\/figure>\n\n\n\n<h2 class=\"wp-block-heading\">Portal do Fornecedor<\/h2>\n\n\n\n<p>Use o portal do fornecedor para ajudar os fornecedores a se autogerenciarem.&nbsp;Os fornecedores podem enviar solicita\u00e7\u00f5es de cota\u00e7\u00f5es e cota\u00e7\u00f5es autom\u00e1ticas de fornecedores, ou acessar ordens de compra e recebimentos em andamento.&nbsp;Os fornecedores tamb\u00e9m podem emitir faturas de compra para pedidos atendidos.&nbsp;Voc\u00ea pode verificar essas faturas para aprova\u00e7\u00e3o final.<\/p>\n\n\n\n<figure class=\"wp-block-image\"><img decoding=\"async\" src=\"https:\/\/erpnext.com\/files\/computer-supplier-portalf10799.png\" alt=\"Portal do Fornecedor\"\/><\/figure>\n\n\n\n<h2 class=\"wp-block-heading\">Contas a pagar<\/h2>\n\n\n\n<p>Veja quanto voc\u00ea deve a seus fornecedores e acompanhe as datas de vencimento ou vencimento de pagamentos no relat\u00f3rio de Contas a Pagar.&nbsp;Depois de pagar uma fatura, basta lan\u00e7ar uma entrada de pagamento.&nbsp;Voc\u00ea pode at\u00e9 importar todas as suas faturas existentes usando a Ferramenta de cria\u00e7\u00e3o de faturas de abertura.<\/p>\n\n\n\n<figure class=\"wp-block-image\"><img decoding=\"async\" src=\"https:\/\/erpnext.com\/files\/sp-accounts-payable.png\" alt=\"Contas a pagar\"\/><\/figure>\n\n\n\n<h2 class=\"wp-block-heading\">Fatura\u00e7\u00e3o Automatizada<\/h2>\n\n\n\n<p>N\u00e3o perca tempo enviando faturas de renova\u00e7\u00e3o todos os meses.&nbsp;Use o recurso Assinaturas para obter faturas geradas automaticamente para pedidos de assinatura.<\/p>\n\n\n\n<figure class=\"wp-block-image\"><img decoding=\"async\" src=\"https:\/\/erpnext.com\/files\/subscription-plan.png\" alt=\"Fatura\u00e7\u00e3o Automatizada\"\/><\/figure>\n\n\n\n<h2 class=\"wp-block-heading\">Vendas em v\u00e1rias moedas<\/h2>\n\n\n\n<p>Gerenciar transa\u00e7\u00f5es em diferentes moedas \u00e9 simples com nosso software de vendas online.&nbsp;Envie faturas e adicione despesas em qualquer moeda e deixe o sistema convert\u00ea-las para sua moeda base.&nbsp;Voc\u00ea pode at\u00e9 ver transa\u00e7\u00f5es financeiras e relat\u00f3rios em v\u00e1rias moedas.<\/p>\n\n\n\n<figure class=\"wp-block-image\"><img decoding=\"async\" src=\"https:\/\/erpnext.com\/files\/multi-currency-accounting387fe5.png\" alt=\"Vendas em v\u00e1rias moedas\"\/><\/figure>\n\n\n\n<h2 class=\"wp-block-heading\">Personaliza\u00e7\u00f5es instant\u00e2neas<\/h2>\n\n\n\n<p>Crie seu pr\u00f3prio software de vendas e compras de c\u00f3digo aberto.&nbsp;Mapeie seus dados mais importantes adicionando campos personalizados em seus formul\u00e1rios.&nbsp;Personalize o comportamento do formul\u00e1rio buscando valores automaticamente, oculte campos com base nas fun\u00e7\u00f5es do usu\u00e1rio e crie formatos de impress\u00e3o personalizados, tudo sem uma \u00fanica linha de c\u00f3digo.<\/p>\n\n\n\n<figure class=\"wp-block-image\"><img decoding=\"async\" src=\"https:\/\/erpnext.com\/files\/customize-sales-invoice.png\" alt=\"Personaliza\u00e7\u00f5es instant\u00e2neas\"\/><\/figure>\n\n\n\n<h2 class=\"wp-block-heading\">Autointegra\u00e7\u00e3o e implementa\u00e7\u00e3o<\/h2>\n\n\n\n<p>Todas as ferramentas necess\u00e1rias para alcan\u00e7ar a excel\u00eancia nos neg\u00f3cios fazem parte do primeiro ERP DIY inteligente do mundo.&nbsp;Transforme sua organiza\u00e7\u00e3o com excelente documenta\u00e7\u00e3o e tutoriais em v\u00eddeo que facilitam uma implementa\u00e7\u00e3o de ERP super r\u00e1pida e sem toque.<\/p>\n\n\n\n<figure class=\"wp-block-image\"><img decoding=\"async\" src=\"https:\/\/erpnext.com\/files\/sp-diy.png\" alt=\"Autointegra\u00e7\u00e3o e implementa\u00e7\u00e3o\"\/><\/figure>\n","protected":false},"excerpt":{"rendered":"<p>Reinvente as vendas e a cadeia de suprimentos com uma ferramenta de vendas e compras de c\u00f3digo aberto Rastreie os n\u00edveis de estoque, reabaste\u00e7a o estoque e gerencie pedidos de vendas, clientes, fornecedores, remessas, entregas e atendimento de pedidos &#8211; tudo em um ERP de vendas e compras de c\u00f3digo aberto. Visualiza\u00e7\u00e3o em tempo real&hellip; <br \/> <a class=\"button small blue\" href=\"https:\/\/nsltecnologia.com.br\/?page_id=55682\">Leia mais<\/a><\/p>\n","protected":false},"author":1,"featured_media":0,"parent":0,"menu_order":0,"comment_status":"closed","ping_status":"closed","template":"","meta":{"_uag_custom_page_level_css":"","footnotes":""},"class_list":["post-55682","page","type-page","status-publish","hentry"],"uagb_featured_image_src":{"full":false,"thumbnail":false,"medium":false,"medium_large":false,"large":false,"1536x1536":false,"2048x2048":false,"post-thumbnail":false,"one-page-express-full-hd":false},"uagb_author_info":{"display_name":"nsl","author_link":"https:\/\/nsltecnologia.com.br\/?author=1"},"uagb_comment_info":0,"uagb_excerpt":"Reinvente as vendas e a cadeia de suprimentos com uma ferramenta de vendas e compras de c\u00f3digo aberto Rastreie os n\u00edveis de estoque, reabaste\u00e7a o estoque e gerencie pedidos de vendas, clientes, fornecedores, remessas, entregas e atendimento de pedidos &#8211; tudo em um ERP de vendas e compras de c\u00f3digo aberto. Visualiza\u00e7\u00e3o em tempo real&hellip;&hellip;","_links":{"self":[{"href":"https:\/\/nsltecnologia.com.br\/index.php?rest_route=\/wp\/v2\/pages\/55682","targetHints":{"allow":["GET"]}}],"collection":[{"href":"https:\/\/nsltecnologia.com.br\/index.php?rest_route=\/wp\/v2\/pages"}],"about":[{"href":"https:\/\/nsltecnologia.com.br\/index.php?rest_route=\/wp\/v2\/types\/page"}],"author":[{"embeddable":true,"href":"https:\/\/nsltecnologia.com.br\/index.php?rest_route=\/wp\/v2\/users\/1"}],"replies":[{"embeddable":true,"href":"https:\/\/nsltecnologia.com.br\/index.php?rest_route=%2Fwp%2Fv2%2Fcomments&post=55682"}],"version-history":[{"count":1,"href":"https:\/\/nsltecnologia.com.br\/index.php?rest_route=\/wp\/v2\/pages\/55682\/revisions"}],"predecessor-version":[{"id":55683,"href":"https:\/\/nsltecnologia.com.br\/index.php?rest_route=\/wp\/v2\/pages\/55682\/revisions\/55683"}],"wp:attachment":[{"href":"https:\/\/nsltecnologia.com.br\/index.php?rest_route=%2Fwp%2Fv2%2Fmedia&parent=55682"}],"curies":[{"name":"wp","href":"https:\/\/api.w.org\/{rel}","templated":true}]}}