{"id":55678,"date":"2022-12-27T11:58:08","date_gmt":"2022-12-27T14:58:08","guid":{"rendered":"https:\/\/nsltecnologia.com.br\/?page_id=55678"},"modified":"2022-12-27T13:06:18","modified_gmt":"2022-12-27T16:06:18","slug":"erpnext-contabilidade-financeira","status":"publish","type":"page","link":"https:\/\/nsltecnologia.com.br\/?page_id=55678","title":{"rendered":"ERPNext Contabilidade Financeira"},"content":{"rendered":"\n<h1 class=\"wp-block-heading\">Gerencie suas finan\u00e7as com o software de contabilidade 100% open source<\/h1>\n\n\n\n<p>Todas as ferramentas necess\u00e1rias para gerenciar o fluxo de caixa em um s\u00f3 lugar, desde o registro de transa\u00e7\u00f5es at\u00e9 o resumo e an\u00e1lise de relat\u00f3rios financeiros.&nbsp;\u00c9 a contabilidade facilitada.<\/p>\n\n\n\n<p>Confi\u00e1vel por empresas em todo o mundo<\/p>\n\n\n\n<h2 class=\"wp-block-heading\">Visualiza\u00e7\u00e3o em tempo real de seus livros cont\u00e1beis<\/h2>\n\n\n\n<p>Os pain\u00e9is de contabilidade de c\u00f3digo aberto destacam todos os principais indicadores de desempenho rapidamente.&nbsp;Com dimens\u00f5es cont\u00e1beis configur\u00e1veis \u200b\u200be pain\u00e9is personaliz\u00e1veis, finalmente \u00e9 poss\u00edvel analisar todos os componentes do seu neg\u00f3cio em um s\u00f3 lugar.<\/p>\n\n\n\n<p><img loading=\"lazy\" decoding=\"async\" alt=\"Contabilidade de c\u00f3digo aberto - Painel de contabilidade\" src=\"https:\/\/erpnext.com\/files\/accounts-dashboard15be3f.png\" width=\"3044\" height=\"1898\"><\/p>\n\n\n\n<h2 class=\"wp-block-heading\">Plano de contas<\/h2>\n\n\n\n<p>O plano de contas \u2014 uma visualiza\u00e7\u00e3o em \u00e1rvore configur\u00e1vel para estruturar os livros cont\u00e1beis conforme desejado \u2014 \u00e9 o projeto da sua empresa.&nbsp;Os ledgers atuam como n\u00f3s de folha, enquanto os grupos podem ter subgrupos e ledgers dentro deles.<\/p>\n\n\n\n<figure class=\"wp-block-image\"><img decoding=\"async\" src=\"https:\/\/erpnext.com\/files\/erpnext-chart-of-accounts.png\" alt=\"Plano de contas\"\/><\/figure>\n\n\n\n<h2 class=\"wp-block-heading\">Di\u00e1rios e pagamentos<\/h2>\n\n\n\n<p>Mantenha um livro raz\u00e3o limpo e n\u00edtido para evitar incompatibilidades ao fechar contas.&nbsp;Acompanhe receitas e despesas (diferidas ou acumuladas), configure notifica\u00e7\u00f5es para fechamento de per\u00edodo e controle o fluxo de caixa.&nbsp;Os adiantamentos podem ser registrados e reconciliados de uma s\u00f3 vez.<\/p>\n\n\n\n<figure class=\"wp-block-image\"><img decoding=\"async\" src=\"https:\/\/erpnext.com\/files\/general-ledger.png\" alt=\"Di\u00e1rios e pagamentos\"\/><\/figure>\n\n\n\n<h2 class=\"wp-block-heading\">Faturamento e pre\u00e7os<\/h2>\n\n\n\n<p>Faturar seus clientes e buscar pagamentos a receber facilmente, com solicita\u00e7\u00f5es de pagamento e notifica\u00e7\u00f5es por e-mail ou lembretes por SMS.&nbsp;Crie modelos de impress\u00e3o personalizados para contas e configure padr\u00f5es rapidamente.&nbsp;O pre\u00e7o do item s\u00f3 precisa ser configurado uma vez, ent\u00e3o ser\u00e1 buscado automaticamente em todas as transa\u00e7\u00f5es futuras.<\/p>\n\n\n\n<figure class=\"wp-block-image\"><img decoding=\"async\" src=\"https:\/\/erpnext.com\/files\/sales-invoice.png\" alt=\"Faturamento e pre\u00e7os\"\/><\/figure>\n\n\n\n<h2 class=\"wp-block-heading\">Contabilidade em v\u00e1rias moedas<\/h2>\n\n\n\n<p>Gerenciar transa\u00e7\u00f5es em diferentes moedas \u00e9 simples com nosso software de contabilidade de c\u00f3digo aberto.&nbsp;Envie faturas e adicione despesas em qualquer moeda e deixe o sistema convert\u00ea-las para sua moeda base.&nbsp;Voc\u00ea pode at\u00e9 ver transa\u00e7\u00f5es financeiras e relat\u00f3rios em v\u00e1rias moedas.<\/p>\n\n\n\n<p><a href=\"https:\/\/erpnext.com\/pricing\">Experimente agora \u2192<\/a><\/p>\n\n\n\n<figure class=\"wp-block-image\"><img decoding=\"async\" src=\"https:\/\/erpnext.com\/files\/subscription-plan.png\" alt=\"Faturamento autom\u00e1tico\"\/><\/figure>\n\n\n\n<h2 class=\"wp-block-heading\">Faturamento autom\u00e1tico<\/h2>\n\n\n\n<p>N\u00e3o perca tempo enviando faturas de renova\u00e7\u00e3o todos os meses.&nbsp;Use o recurso Assinaturas para obter faturas geradas automaticamente para pedidos de assinatura.<\/p>\n\n\n\n<p><img loading=\"lazy\" decoding=\"async\" alt=\"Contabilidade de c\u00f3digo aberto - Contabilidade multimoeda\" src=\"https:\/\/erpnext.com\/files\/multi-currency-accounting387fe5.png\" width=\"3044\" height=\"1898\"><\/p>\n\n\n\n<h2 class=\"wp-block-heading\">Banc\u00e1rio<\/h2>\n\n\n\n<p>Crie contas banc\u00e1rias e em dinheiro ilimitadas e acompanhe seus saldos iniciais e atuais.&nbsp;Manter contas banc\u00e1rias para seus fornecedores e clientes.&nbsp;Certifique-se de que suas finan\u00e7as estejam sincronizadas com o upload de extrato banc\u00e1rio com um clique.&nbsp;\u00c9 uma libera\u00e7\u00e3o facilitada e uma contabilidade facilitada.<\/p>\n\n\n\n<figure class=\"wp-block-image\"><img decoding=\"async\" src=\"https:\/\/erpnext.com\/files\/bank-reconciliation.png\" alt=\"Banc\u00e1rio\"\/><\/figure>\n\n\n\n<h2 class=\"wp-block-heading\">Personaliza\u00e7\u00f5es instant\u00e2neas<\/h2>\n\n\n\n<p>Crie seu pr\u00f3prio software de contabilidade de c\u00f3digo aberto.&nbsp;Mapeie os dados de seu interesse adicionando campos personalizados em seus formul\u00e1rios.&nbsp;Em seguida, personalize o comportamento do formul\u00e1rio buscando valores automaticamente, oculte campos com base nas fun\u00e7\u00f5es do usu\u00e1rio e crie formatos de impress\u00e3o personalizados \u2014 tudo sem uma \u00fanica linha de c\u00f3digo.<\/p>\n\n\n\n<figure class=\"wp-block-image\"><img decoding=\"async\" src=\"https:\/\/erpnext.com\/files\/customize-sales-invoice.png\" alt=\"Personaliza\u00e7\u00f5es instant\u00e2neas\"\/><\/figure>\n\n\n\n<p><\/p>\n\n\n\n<h2 class=\"wp-block-heading\">Recursos que manter\u00e3o suas contas equilibradas<\/h2>\n\n\n\n<h3 class=\"wp-block-heading\">Plano de contas<\/h3>\n\n\n\n<p>Seja qual for o plano de contas de que sua organiza\u00e7\u00e3o precisa, n\u00f3s o cobrimos.<\/p>\n\n\n\n<h3 class=\"wp-block-heading\">Entrada de di\u00e1rio<\/h3>\n\n\n\n<p>N\u00e3o deixe nenhuma transa\u00e7\u00e3o sem registro.&nbsp;Fa\u00e7a lan\u00e7amentos cont\u00e1beis r\u00e1pidos, lan\u00e7amentos de diferen\u00e7as, lan\u00e7amentos reversos, contra lan\u00e7amentos e muito mais<\/p>\n\n\n\n<h3 class=\"wp-block-heading\">Contabilidade<\/h3>\n\n\n\n<p>Software de contabilidade abrangente e de c\u00f3digo aberto com o poder adicional de um ERP completo<\/p>\n\n\n\n<h3 class=\"wp-block-heading\">Gest\u00e3o de vendas e compras<\/h3>\n\n\n\n<p>Rastreie os n\u00edveis de estoque, reabaste\u00e7a o estoque e gerencie pedidos de vendas, clientes, fornecedores, remessas, entregas e atendimento de pedidos<\/p>\n\n\n\n<p><\/p>\n\n\n\n<p><\/p>\n\n\n\n<h3 class=\"has-text-align-center wp-block-heading\">ERPNext \u00e9 a melhor solu\u00e7\u00e3o ERP 100% Open Source do mundo<\/h3>\n\n\n\n<p class=\"has-text-align-center\">Software de c\u00f3digo aberto para empresas modernas<\/p>\n\n\n\n<p><\/p>\n\n\n\n<div class=\"wp-block-columns is-layout-flex wp-container-core-columns-is-layout-1 wp-block-columns-is-layout-flex\">\n<div class=\"wp-block-column is-layout-flow wp-block-column-is-layout-flow\">\n<p><img decoding=\"async\" alt=\"\u00cdcone para Contabilidade Financeira\" src=\"https:\/\/erpnext.com\/files\/money-coins.svg\"><\/p>\n\n\n\n<h4 class=\"wp-block-heading\">Contabilidade Financeira<\/h4>\n\n\n\n<p>Obtenha uma vis\u00e3o em tempo real do seu fluxo de caixa.&nbsp;M\u00f3dulo de contabilidade completo que cobre todos os aspectos da contabilidade.<\/p>\n\n\n\n<p><a href=\"https:\/\/nsltecnologia.com.br\/?page_id=55678\">Saiba mais \u2192<\/a><\/p>\n<\/div>\n\n\n\n<div class=\"wp-block-column is-layout-flow wp-block-column-is-layout-flow\">\n<p><img decoding=\"async\" alt=\"\u00cdcone para gerenciamento de pedidos\" src=\"https:\/\/erpnext.com\/files\/Sell.svg\"><\/p>\n\n\n\n<h4 class=\"wp-block-heading\">Gerenciamento de Pedidos<\/h4>\n\n\n\n<p>Aumente a produtividade e reduza os custos gerenciando seus ciclos de vendas e compras, desde a compra at\u00e9 os pedidos de venda<\/p>\n\n\n\n<p><a href=\"https:\/\/nsltecnologia.com.br\/?page_id=55682\">Saiba mais \u2192<\/a><\/p>\n<\/div>\n\n\n\n<div class=\"wp-block-column is-layout-flow wp-block-column-is-layout-flow\">\n<p><img decoding=\"async\" alt=\"\u00cdcone para RH e folha de pagamento\" src=\"https:\/\/erpnext.com\/files\/HR.svg\"><\/p>\n\n\n\n<h4 class=\"wp-block-heading\">RH e folha de pagamento<\/h4>\n\n\n\n<p>Gerencie o ciclo de vida completo do funcion\u00e1rio desde a integra\u00e7\u00e3o, folha de pagamento, atendimento, declara\u00e7\u00f5es de despesas, ativos at\u00e9 a separa\u00e7\u00e3o.<\/p>\n\n\n\n<p><a href=\"https:\/\/nsltecnologia.com.br\/?page_id=55685\">Saiba mais \u2192<\/a><\/p>\n<\/div>\n<\/div>\n\n\n\n<div class=\"wp-block-columns is-layout-flex wp-container-core-columns-is-layout-2 wp-block-columns-is-layout-flex\">\n<div class=\"wp-block-column is-layout-flow wp-block-column-is-layout-flow\">\n<p><img decoding=\"async\" alt=\"\u00cdcone para Manufatura\" src=\"https:\/\/erpnext.com\/files\/Oranisation.svg\"><\/p>\n\n\n\n<h4 class=\"wp-block-heading\">Manufatura<\/h4>\n\n\n\n<p>Mantenha e gerencie com efic\u00e1cia a lista de materiais multin\u00edvel, o planejamento da produ\u00e7\u00e3o, os cart\u00f5es de trabalho e o estoque.<\/p>\n\n\n\n<p><a href=\"https:\/\/nsltecnologia.com.br\/?page_id=55664\">Saiba mais \u2192<\/a><\/p>\n<\/div>\n\n\n\n<div class=\"wp-block-column is-layout-flow wp-block-column-is-layout-flow\">\n<p><img decoding=\"async\" alt=\"\u00cdcone para CRM\" src=\"https:\/\/erpnext.com\/files\/CRM.svg\"><\/p>\n\n\n\n<h4 class=\"wp-block-heading\">CRM<\/h4>\n\n\n\n<p>Conquiste e retenha mais clientes otimizando o processo de vendas.&nbsp;Rastreie leads, oportunidades e envie as cota\u00e7\u00f5es em qualquer lugar.<\/p>\n\n\n\n<p><a href=\"https:\/\/nsltecnologia.com.br\/?page_id=55688\">Saiba mais \u2192<\/a><\/p>\n<\/div>\n\n\n\n<div class=\"wp-block-column is-layout-flow wp-block-column-is-layout-flow\">\n<p><img decoding=\"async\" alt=\"\u00cdcone para Projetos\" src=\"https:\/\/erpnext.com\/files\/Projectss.svg\"><\/p>\n\n\n\n<h4 class=\"wp-block-heading\">Projetos<\/h4>\n\n\n\n<p>Entregue projetos internos e externos dentro do prazo, or\u00e7amento e lucratividade.&nbsp;Rastreie tarefas, quadros de hor\u00e1rios e problemas por projeto.<\/p>\n\n\n\n<p><a href=\"https:\/\/nsltecnologia.com.br\/?page_id=55691\">Saiba mais \u2192<\/a><\/p>\n<\/div>\n<\/div>\n\n\n\n<div class=\"wp-block-columns is-layout-flex wp-container-core-columns-is-layout-3 wp-block-columns-is-layout-flex\">\n<div class=\"wp-block-column is-layout-flow wp-block-column-is-layout-flow\">\n<p><img decoding=\"async\" alt=\"\u00cdcone para Helpdesk\" src=\"https:\/\/erpnext.com\/files\/Support.svg\"><\/p>\n\n\n\n<h4 class=\"wp-block-heading\">Central de Ajuda<\/h4>\n\n\n\n<p>Ofere\u00e7a uma melhor experi\u00eancia de servi\u00e7o com um rastreador de problemas intuitivo e uma base de conhecimento integrada.<\/p>\n\n\n\n<p><a href=\"https:\/\/nsltecnologia.com.br\/?page_id=55705\">Saiba mais \u2192<\/a><\/p>\n<\/div>\n\n\n\n<div class=\"wp-block-column is-layout-flow wp-block-column-is-layout-flow\">\n<p><img decoding=\"async\" alt=\"\u00cdcone para gerenciamento de ativos\" src=\"https:\/\/erpnext.com\/files\/Assets.svg\"><\/p>\n\n\n\n<h4 class=\"wp-block-heading\">Gest\u00e3o de ativos<\/h4>\n\n\n\n<p>Manter e gerenciar detalhes de ativos, sua movimenta\u00e7\u00e3o, ajuste de valor e deprecia\u00e7\u00e3o.<\/p>\n\n\n\n<p><a href=\"https:\/\/nsltecnologia.com.br\/?page_id=55698\">Saiba mais \u2192<\/a><\/p>\n<\/div>\n\n\n\n<div class=\"wp-block-column is-layout-flow wp-block-column-is-layout-flow\">\n<p><img decoding=\"async\" alt=\"\u00edcone para site\" src=\"https:\/\/erpnext.com\/files\/Website.svg\"><\/p>\n\n\n\n<h4 class=\"wp-block-heading\">Site<\/h4>\n\n\n\n<p>O ERPNext vem com gerenciamento de conte\u00fado completo com blogs, p\u00e1ginas da web e formul\u00e1rios.<\/p>\n\n\n\n<p><a href=\"https:\/\/nsltecnologia.com.br\/?page_id=55702\">Saiba mais \u2192<\/a><\/p>\n<\/div>\n<\/div>\n","protected":false},"excerpt":{"rendered":"<p>Gerencie suas finan\u00e7as com o software de contabilidade 100% open source Todas as ferramentas necess\u00e1rias para gerenciar o fluxo de caixa em um s\u00f3 lugar, desde o registro de transa\u00e7\u00f5es at\u00e9 o resumo e an\u00e1lise de relat\u00f3rios financeiros.&nbsp;\u00c9 a contabilidade facilitada. Confi\u00e1vel por empresas em todo o mundo Visualiza\u00e7\u00e3o em tempo real de seus livros&hellip; <br \/> <a class=\"button small blue\" href=\"https:\/\/nsltecnologia.com.br\/?page_id=55678\">Leia mais<\/a><\/p>\n","protected":false},"author":1,"featured_media":0,"parent":0,"menu_order":0,"comment_status":"closed","ping_status":"closed","template":"","meta":{"_uag_custom_page_level_css":"","footnotes":""},"class_list":["post-55678","page","type-page","status-publish","hentry"],"uagb_featured_image_src":{"full":false,"thumbnail":false,"medium":false,"medium_large":false,"large":false,"1536x1536":false,"2048x2048":false,"post-thumbnail":false,"one-page-express-full-hd":false},"uagb_author_info":{"display_name":"nsl","author_link":"https:\/\/nsltecnologia.com.br\/?author=1"},"uagb_comment_info":0,"uagb_excerpt":"Gerencie suas finan\u00e7as com o software de contabilidade 100% open source Todas as ferramentas necess\u00e1rias para gerenciar o fluxo de caixa em um s\u00f3 lugar, desde o registro de transa\u00e7\u00f5es at\u00e9 o resumo e an\u00e1lise de relat\u00f3rios financeiros.&nbsp;\u00c9 a contabilidade facilitada. Confi\u00e1vel por empresas em todo o mundo Visualiza\u00e7\u00e3o em tempo real de seus livros&hellip;&hellip;","_links":{"self":[{"href":"https:\/\/nsltecnologia.com.br\/index.php?rest_route=\/wp\/v2\/pages\/55678","targetHints":{"allow":["GET"]}}],"collection":[{"href":"https:\/\/nsltecnologia.com.br\/index.php?rest_route=\/wp\/v2\/pages"}],"about":[{"href":"https:\/\/nsltecnologia.com.br\/index.php?rest_route=\/wp\/v2\/types\/page"}],"author":[{"embeddable":true,"href":"https:\/\/nsltecnologia.com.br\/index.php?rest_route=\/wp\/v2\/users\/1"}],"replies":[{"embeddable":true,"href":"https:\/\/nsltecnologia.com.br\/index.php?rest_route=%2Fwp%2Fv2%2Fcomments&post=55678"}],"version-history":[{"count":2,"href":"https:\/\/nsltecnologia.com.br\/index.php?rest_route=\/wp\/v2\/pages\/55678\/revisions"}],"predecessor-version":[{"id":55730,"href":"https:\/\/nsltecnologia.com.br\/index.php?rest_route=\/wp\/v2\/pages\/55678\/revisions\/55730"}],"wp:attachment":[{"href":"https:\/\/nsltecnologia.com.br\/index.php?rest_route=%2Fwp%2Fv2%2Fmedia&parent=55678"}],"curies":[{"name":"wp","href":"https:\/\/api.w.org\/{rel}","templated":true}]}}