{"id":341,"date":"2019-07-17T10:10:20","date_gmt":"2019-07-17T13:10:20","guid":{"rendered":"http:\/\/nsltecnologia.com.br\/?page_id=341"},"modified":"2019-07-21T21:25:28","modified_gmt":"2019-07-22T00:25:28","slug":"sistemas-sob-medida","status":"publish","type":"page","link":"https:\/\/nsltecnologia.com.br\/?page_id=341","title":{"rendered":"SISTEMAS SOB MEDIDA"},"content":{"rendered":"\n<figure class=\"wp-block-image\"><img loading=\"lazy\" decoding=\"async\" width=\"633\" height=\"189\" src=\"http:\/\/nsltecnologia.com.br\/wp-content\/uploads\/2019\/07\/image-3.png\" alt=\"\" class=\"wp-image-342\" srcset=\"https:\/\/nsltecnologia.com.br\/wp-content\/uploads\/2019\/07\/image-3.png 633w, https:\/\/nsltecnologia.com.br\/wp-content\/uploads\/2019\/07\/image-3-600x179.png 600w, https:\/\/nsltecnologia.com.br\/wp-content\/uploads\/2019\/07\/image-3-300x90.png 300w\" sizes=\"auto, (max-width: 633px) 100vw, 633px\" \/><\/figure>\n\n\n\n<blockquote style=\"text-align:left\" class=\"wp-block-quote is-layout-flow wp-block-quote-is-layout-flow\"><p>Voc\u00ea precisa de um<strong> software personalizado<\/strong>, para atender algumas das atuais necessidades de sua empresa? Ou realizar um&nbsp;<strong>desenvolvimento de software de gest\u00e3o personalizado<\/strong>, para informatizar e automatizar tarefas cotidianas essenciais da sua empresa com maior efici\u00eancia e controle?<\/p><\/blockquote>\n\n\n\n<p style=\"text-align:left\">Voc\u00ea n\u00e3o est\u00e1 sozinho! 85% dos softwares existentes no mercado, n\u00e3o s\u00e3o capazes de atender demandas especificas de empresas dos mais variados nichos, sendo assim imprescind\u00edvel um direcionamento para software j\u00e1 validado no mercado ou um &nbsp;<strong>desenvolvimento de softwares sob medida<\/strong>&nbsp;para suprir estas necessidades.<\/p>\n\n\n\n<p style=\"text-align:left\">Uma sele\u00e7\u00e3o ou&nbsp;desenvolvimento de sistemas sob medida&nbsp;podem proporcionar a sua empresa uma maior agilidade, melhor controle de vendas, estoque, fluxo de caixa, assim como uma melhor gest\u00e3o da sua empresa ou tarefas especificas, aumentando a produtividade de seus colaboradores e consequentemente a lucratividade do seu neg\u00f3cio.<\/p>\n\n\n\n<h4 class=\"wp-block-heading\">COMO FUNCIONA<\/h4>\n\n\n\n<hr class=\"wp-block-separator\"\/>\n\n\n\n<p style=\"text-align:left\">O&nbsp;<strong>NSL Tecnologia<\/strong>&nbsp;apresenta uma solu\u00e7\u00e3o validada em mercado ou realiza o&nbsp;<strong>desenvolvimento de sistemas sob medida<\/strong>&nbsp;para desktop ou web, que possam atender as especificas e atuais necessidades do seu neg\u00f3cio.<\/p>\n\n\n\n<h4 class=\"wp-block-heading\">COMO FAZEMOS<\/h4>\n\n\n\n<hr class=\"wp-block-separator\"\/>\n\n\n\n<p style=\"text-align:left\">O&nbsp;<strong>NSL Tecnologia<\/strong>&nbsp;realiza o&nbsp;<strong>desenvolvimento de sistemas sob medida<\/strong>&nbsp;para desktop ou webem diversas linguagens com interfaces simples e amig\u00e1veis para seus usu\u00e1rios, dentro de padr\u00f5es e normais internacionais que atendam \u00e0s necessidades das empresas contrantes, planejando previamente todos os detalhes que o projeto deve suprir.<\/p>\n\n\n\n<h4 class=\"wp-block-heading\">RESULTADOS<\/h4>\n\n\n\n<hr class=\"wp-block-separator\"\/>\n\n\n\n<p style=\"text-align:left\">Com o&nbsp;<strong>desenvolvimento de sistemas sob medida<\/strong>&nbsp;para desktop ou web do&nbsp;<strong>NSL Tecnologia<\/strong>, sua empresa ter\u00e1 uma ferramenta que atender\u00e1 todas as suas necessidades, otimizando o tempo de todos seus colaboradores, aumentando a autonomia e controle do seu neg\u00f3cio.<\/p>\n\n\n\n<hr class=\"wp-block-separator\"\/>\n\n\n\n<p style=\"text-align:left\"><a href=\"http:\/\/nsltecnologia.com.br\/#contact-4\">SOLICITE UM OR\u00c7AMENTO<\/a><\/p>\n","protected":false},"excerpt":{"rendered":"<p>Voc\u00ea precisa de um software personalizado, para atender algumas das atuais necessidades de sua empresa? Ou realizar um&nbsp;desenvolvimento de software de gest\u00e3o personalizado, para informatizar e automatizar tarefas cotidianas essenciais da sua empresa com maior efici\u00eancia e controle? Voc\u00ea n\u00e3o est\u00e1 sozinho! 85% dos softwares existentes no mercado, n\u00e3o s\u00e3o capazes de atender demandas especificas&hellip; <br \/> <a class=\"button small blue\" href=\"https:\/\/nsltecnologia.com.br\/?page_id=341\">Leia mais<\/a><\/p>\n","protected":false},"author":1,"featured_media":0,"parent":0,"menu_order":0,"comment_status":"closed","ping_status":"closed","template":"","meta":{"_uag_custom_page_level_css":"","footnotes":""},"class_list":["post-341","page","type-page","status-publish","hentry"],"uagb_featured_image_src":{"full":false,"thumbnail":false,"medium":false,"medium_large":false,"large":false,"1536x1536":false,"2048x2048":false,"post-thumbnail":false,"one-page-express-full-hd":false},"uagb_author_info":{"display_name":"nsl","author_link":"https:\/\/nsltecnologia.com.br\/?author=1"},"uagb_comment_info":0,"uagb_excerpt":"Voc\u00ea precisa de um software personalizado, para atender algumas das atuais necessidades de sua empresa? Ou realizar um&nbsp;desenvolvimento de software de gest\u00e3o personalizado, para informatizar e automatizar tarefas cotidianas essenciais da sua empresa com maior efici\u00eancia e controle? Voc\u00ea n\u00e3o est\u00e1 sozinho! 85% dos softwares existentes no mercado, n\u00e3o s\u00e3o capazes de atender demandas especificas&hellip;&hellip;","_links":{"self":[{"href":"https:\/\/nsltecnologia.com.br\/index.php?rest_route=\/wp\/v2\/pages\/341","targetHints":{"allow":["GET"]}}],"collection":[{"href":"https:\/\/nsltecnologia.com.br\/index.php?rest_route=\/wp\/v2\/pages"}],"about":[{"href":"https:\/\/nsltecnologia.com.br\/index.php?rest_route=\/wp\/v2\/types\/page"}],"author":[{"embeddable":true,"href":"https:\/\/nsltecnologia.com.br\/index.php?rest_route=\/wp\/v2\/users\/1"}],"replies":[{"embeddable":true,"href":"https:\/\/nsltecnologia.com.br\/index.php?rest_route=%2Fwp%2Fv2%2Fcomments&post=341"}],"version-history":[{"count":4,"href":"https:\/\/nsltecnologia.com.br\/index.php?rest_route=\/wp\/v2\/pages\/341\/revisions"}],"predecessor-version":[{"id":476,"href":"https:\/\/nsltecnologia.com.br\/index.php?rest_route=\/wp\/v2\/pages\/341\/revisions\/476"}],"wp:attachment":[{"href":"https:\/\/nsltecnologia.com.br\/index.php?rest_route=%2Fwp%2Fv2%2Fmedia&parent=341"}],"curies":[{"name":"wp","href":"https:\/\/api.w.org\/{rel}","templated":true}]}}