{"id":214,"date":"2019-07-04T13:05:13","date_gmt":"2019-07-04T16:05:13","guid":{"rendered":"http:\/\/nsltecnologia.com.br\/?page_id=214"},"modified":"2019-07-21T21:42:19","modified_gmt":"2019-07-22T00:42:19","slug":"plataforma-para-desenvolvimento-de-sites","status":"publish","type":"page","link":"https:\/\/nsltecnologia.com.br\/?page_id=214","title":{"rendered":"Plataforma para Desenvolvimento de Sites"},"content":{"rendered":"\n<figure class=\"wp-block-image\"><img loading=\"lazy\" decoding=\"async\" width=\"1024\" height=\"256\" src=\"http:\/\/nsltecnologia.com.br\/wp-content\/uploads\/2019\/07\/Wordpress-banner-1024x256.jpg\" alt=\"\" class=\"wp-image-388\" srcset=\"https:\/\/nsltecnologia.com.br\/wp-content\/uploads\/2019\/07\/Wordpress-banner-1024x256.jpg 1024w, https:\/\/nsltecnologia.com.br\/wp-content\/uploads\/2019\/07\/Wordpress-banner-600x150.jpg 600w, https:\/\/nsltecnologia.com.br\/wp-content\/uploads\/2019\/07\/Wordpress-banner-300x75.jpg 300w, https:\/\/nsltecnologia.com.br\/wp-content\/uploads\/2019\/07\/Wordpress-banner-768x192.jpg 768w, https:\/\/nsltecnologia.com.br\/wp-content\/uploads\/2019\/07\/Wordpress-banner.jpg 1600w\" sizes=\"auto, (max-width: 1024px) 100vw, 1024px\" \/><\/figure>\n\n\n\n<h3 class=\"wp-block-heading\">Sobre o WordPress<\/h3>\n\n\n\n<p style=\"text-align:left\">O WordPress \u00e9 a maior, mais moderna e mais utilizada plataforma para \ndesenvolvimento de sites, blogs e portais do mundo, com quase 70% do \nmercado. Com um sistema robusto e abrangente com muitas fun\u00e7\u00f5es que \nsimplificam a publica\u00e7\u00e3o de conte\u00fados. Por&nbsp;ser uma ferramenta de c\u00f3digo \nlivre (Open Source), permite que temas, plugins e m\u00f3dulos sejam criados e\n compartilhados com toda a comunidade WordPress.<\/p>\n\n\n\n<p style=\"text-align:left\">Com o WordPress voc\u00ea pode criar, sites institucionais, blogs, portais, lojas virtual<\/p>\n\n\n\n<p style=\"text-align:left\">O sistema \u00e9 extremamente&nbsp;robusto e concentra uma s\u00e9rie de \nfuncionalidades para publica\u00e7\u00e3o de conte\u00fados, de uma maneira f\u00e1cil e \notimizada. Por ser open source, o n\u00famero de temas, m\u00f3dulos e plugins \ncriados por desenvolvedores \u00e9 muito extenso, sendo poss\u00edvel encontrar e \nintegrar qualquer tipo de funcionalidade ao seu site, al\u00e9m \u00e9 claro de \ndesenvolver m\u00f3dulos exclusivos.<\/p>\n\n\n\n<h4 class=\"wp-block-heading\">Gest\u00e3o e administra\u00e7\u00e3o do Site<\/h4>\n\n\n\n<hr class=\"wp-block-separator\"\/>\n\n\n\n<p style=\"text-align:left\">\n\n\nInstala\u00e7\u00e3o\nO WordPress \u00e9 projetado para ser instalado no seu pr\u00f3prio servidor \nweb, ou conta de hospedagem compartilhada, que lhe d\u00e1 controle completo \nsobre o site.&nbsp;\n\n\nGest\u00e3o de usu\u00e1rios\nWordPress usa n\u00edveis de usu\u00e1rio para controlar o acesso a diferentes\n recursos, e assim voc\u00ea pode limitar a capacidade dos usu\u00e1rios de criar \nou modificar o conte\u00fado em seu site, apenas mudando seu n\u00edvel de \nusu\u00e1rio.\n\n\nPerfis de usu\u00e1rio\nCada usu\u00e1rio em seu site pode definir um perfil, com detalhes\n\n\nF\u00e1cil instala\u00e7\u00e3o e atualiza\u00e7\u00e3o\nA grande maioria dos Hosts utilizam o Cpanel para acesso ao \nservidor. E tamb\u00e9m o instalador \u201cSoftaculous\u201d que faz todo o servi\u00e7o de \ninstala\u00e7\u00e3o do WordPress at\u00e9 mesmo para leigos.\n\n\nGera\u00e7\u00e3o &nbsp;p\u00e1ginas\nTodas as p\u00e1ginas s\u00e3o geradas usando o banco de dados e os modelos, \ncada vez que uma p\u00e1gina do seu site \u00e9 solicitada por um visitante. Isto \nsignifica que atualizar o seu site, ou o seu design \u00e9 extremamente \nr\u00e1pido e ocupa pouqu\u00edssimo espa\u00e7o no seu servidor.\n\n\nInternacionaliza\u00e7\u00e3o e Localiza\u00e7\u00e3o\nVoc\u00ea pode criar sites no idioma de sua escolha.&nbsp;\n\n<\/p>\n\n\n\n<h4 class=\"wp-block-heading\">Personalizando o Projeto<\/h4>\n\n\n\n<hr class=\"wp-block-separator\"\/>\n\n\n\n<p style=\"text-align:left\">\n\nDesign&nbsp;customizado\nWordPress usa modelos (templates) para gerar as p\u00e1ginas \ndinamicamente. Voc\u00ea pode controlar a apresenta\u00e7\u00e3o de conte\u00fado atrav\u00e9s da\n edi\u00e7\u00e3o de modelos usando o editor de modelo.&nbsp;Editor de Modelos\n\n\nToda a instala\u00e7\u00e3o do WordPress vem com um editor de arquivos que \nvoc\u00ea pode usar para editar os seus modelos e outros arquivos \nrelacionados ao WordPress, diretamente no seu navegador, sem ter que se \npreocupar com download e upload dos arquivos, a fim de edit\u00e1-los.\n\n\nTemas\n\n\nVoc\u00ea pode usar temas ou estilos direatamente no seu site. Voc\u00ea tamb\u00e9m pode criar e partilhar os seus pr\u00f3prios temas.\n\n\nPlugins\nPlugins estendem a funcionalidade do n\u00facleo de seu blog. Um grande \nn\u00famero de usu\u00e1rios desenvolvem plugins que podem ser usados para fazer \npraticamente qualquer coisa que voc\u00ea quiser com o seu site e muito mais.\n<\/p>\n\n\n\n<h4 class=\"wp-block-heading\">Demais Funcionalidades<\/h4>\n\n\n\n<hr class=\"wp-block-separator\"\/>\n\n\n\n<ul class=\"wp-block-list\"><li>Gerenciamento de Conte\u00fado<\/li><li>Acesso Restrito<\/li><li>Cadastro de usu\u00e1rios e suas permiss\u00f5es<\/li><li>Integra\u00e7\u00e3o com redes sociais<\/li><li>Integra\u00e7\u00e3o com diversas plataformas<\/li><li>Integra\u00e7\u00e3o completa com Woocommerce para vendas online<\/li><li>E-mail marketing<\/li><li>Integra\u00e7\u00e3o com MailChimp<\/li><li>Formas de pagamento integradas<\/li><li>Integra\u00e7\u00e3o com redes socias<\/li><li>Posts publicados automaticamente no Facebook<\/li><li>Integra\u00e7\u00e3o com Google&nbsp;<em>Analytics<\/em><\/li><\/ul>\n\n\n\n<p style=\"text-align:left\"><a href=\"http:\/\/nsltecnologia.com.br\/#contact-4\">SOLICITE UM OR\u00c7AMENTO<\/a>.<\/p>\n","protected":false},"excerpt":{"rendered":"<p>Sobre o WordPress O WordPress \u00e9 a maior, mais moderna e mais utilizada plataforma para desenvolvimento de sites, blogs e portais do mundo, com quase 70% do mercado. Com um sistema robusto e abrangente com muitas fun\u00e7\u00f5es que simplificam a publica\u00e7\u00e3o de conte\u00fados. Por&nbsp;ser uma ferramenta de c\u00f3digo livre (Open Source), permite que temas, plugins&hellip; <br \/> <a class=\"button small blue\" href=\"https:\/\/nsltecnologia.com.br\/?page_id=214\">Leia mais<\/a><\/p>\n","protected":false},"author":1,"featured_media":0,"parent":0,"menu_order":0,"comment_status":"closed","ping_status":"closed","template":"","meta":{"_uag_custom_page_level_css":"","footnotes":""},"class_list":["post-214","page","type-page","status-publish","hentry"],"uagb_featured_image_src":{"full":false,"thumbnail":false,"medium":false,"medium_large":false,"large":false,"1536x1536":false,"2048x2048":false,"post-thumbnail":false,"one-page-express-full-hd":false},"uagb_author_info":{"display_name":"nsl","author_link":"https:\/\/nsltecnologia.com.br\/?author=1"},"uagb_comment_info":0,"uagb_excerpt":"Sobre o WordPress O WordPress \u00e9 a maior, mais moderna e mais utilizada plataforma para desenvolvimento de sites, blogs e portais do mundo, com quase 70% do mercado. Com um sistema robusto e abrangente com muitas fun\u00e7\u00f5es que simplificam a publica\u00e7\u00e3o de conte\u00fados. Por&nbsp;ser uma ferramenta de c\u00f3digo livre (Open Source), permite que temas, plugins&hellip;&hellip;","_links":{"self":[{"href":"https:\/\/nsltecnologia.com.br\/index.php?rest_route=\/wp\/v2\/pages\/214","targetHints":{"allow":["GET"]}}],"collection":[{"href":"https:\/\/nsltecnologia.com.br\/index.php?rest_route=\/wp\/v2\/pages"}],"about":[{"href":"https:\/\/nsltecnologia.com.br\/index.php?rest_route=\/wp\/v2\/types\/page"}],"author":[{"embeddable":true,"href":"https:\/\/nsltecnologia.com.br\/index.php?rest_route=\/wp\/v2\/users\/1"}],"replies":[{"embeddable":true,"href":"https:\/\/nsltecnologia.com.br\/index.php?rest_route=%2Fwp%2Fv2%2Fcomments&post=214"}],"version-history":[{"count":8,"href":"https:\/\/nsltecnologia.com.br\/index.php?rest_route=\/wp\/v2\/pages\/214\/revisions"}],"predecessor-version":[{"id":489,"href":"https:\/\/nsltecnologia.com.br\/index.php?rest_route=\/wp\/v2\/pages\/214\/revisions\/489"}],"wp:attachment":[{"href":"https:\/\/nsltecnologia.com.br\/index.php?rest_route=%2Fwp%2Fv2%2Fmedia&parent=214"}],"curies":[{"name":"wp","href":"https:\/\/api.w.org\/{rel}","templated":true}]}}