{"id":15195,"date":"2020-08-18T17:25:08","date_gmt":"2020-08-18T20:25:08","guid":{"rendered":"https:\/\/nsltecnologia.com.br\/?page_id=15195"},"modified":"2023-06-24T11:35:05","modified_gmt":"2023-06-24T14:35:05","slug":"qloapps-hoteis","status":"publish","type":"page","link":"https:\/\/nsltecnologia.com.br\/?page_id=15195","title":{"rendered":"Qlo, reservas online, gest\u00e3o administrativa\/financeira de hotel em um s\u00f3 lugar."},"content":{"rendered":"\n<figure class=\"wp-block-image size-full\"><img loading=\"lazy\" decoding=\"async\" width=\"200\" height=\"200\" src=\"https:\/\/nsltecnologia.com.br\/wp-content\/uploads\/2023\/01\/logoQlo.jpg\" alt=\"\" class=\"wp-image-55806\" srcset=\"https:\/\/nsltecnologia.com.br\/wp-content\/uploads\/2023\/01\/logoQlo.jpg 200w, https:\/\/nsltecnologia.com.br\/wp-content\/uploads\/2023\/01\/logoQlo-150x150.jpg 150w, https:\/\/nsltecnologia.com.br\/wp-content\/uploads\/2023\/01\/logoQlo-100x100.jpg 100w\" sizes=\"auto, (max-width: 200px) 100vw, 200px\" \/><\/figure>\n\n\n\n<div style=\"height:19px\" aria-hidden=\"true\" class=\"wp-block-spacer\"><\/div>\n\n\n\n<h4 class=\"wp-block-heading\">Qlo\u2122 H\u00f3teis possui todos os recursos que ir\u00e3o aumentar a efici\u00eancia e efic\u00e1cia do seu Hotel. Com muitos recursos atraentes para o administrador e o usu\u00e1rio, garantir\u00e1 o sucesso do site de reserva de hotel.<\/h4>\n\n\n\n<p>O sistema de reservas Qlo\u2122 permite que os propriet\u00e1rios de hot\u00e9is gerenciem suas reservas on-line e ondesk lan\u00e7ando um site de reservas de hot\u00e9is. O propriet\u00e1rio pode sincronizar seus quartos, tarifas e disponibilidade em uma \u00fanica plataforma. \u00c9 um sistema de reserva simples, elegante e surpreendente que ajuda os usu\u00e1rios finais a reservar v\u00e1rios quartos de v\u00e1rios hot\u00e9is em uma \u00fanica plataforma.<\/p>\n\n\n<div class=\"wp-block-image\">\n<figure class=\"aligncenter is-resized\"><img loading=\"lazy\" decoding=\"async\" src=\"https:\/\/opensourceprovisions.com\/wp-content\/uploads\/2017\/09\/mock-up.png\" alt=\"\" class=\"wp-image-12109\" width=\"524\" height=\"303\"\/><\/figure><\/div>\n\n\n<div style=\"height:52px\" aria-hidden=\"true\" class=\"wp-block-spacer\"><\/div>\n\n\n\n<h3 class=\"wp-block-heading\">Gerenciar reserva offline<\/h3>\n\n\n\n<p>Gerencie a reserva offline de forma muito eficiente com a ajuda de Qlo.<br><br>O sistema de reservas online Qlo \u00e9 um lugar para gerenciar todas as suas reservas de hot\u00e9is online e offline. O administrador pode assumir o formul\u00e1rio de reserva no balc\u00e3o do back-end do Qlo.<br><br>Quando um h\u00f3spede entra no hotel sem a reserva. E exige um quarto de hotel, ent\u00e3o voc\u00ea n\u00e3o precisa fazer uma entrada manual ou depender de qualquer outro sistema. No Qlo voc\u00ea tem a op\u00e7\u00e3o de reservar o quarto para o h\u00f3spede no intervalo de datas desejado.<br><br>Para gerenciar a reserva off-line, o administrador s\u00f3 precisa ir ao back-end Qlo. Em seguida, na guia Reserva de hotel e selecione a op\u00e7\u00e3o Reservar agora.<\/p>\n\n\n<div class=\"wp-block-image\">\n<figure class=\"aligncenter is-resized\"><img loading=\"lazy\" decoding=\"async\" src=\"https:\/\/qloapps.com\/wp-content\/uploads\/2016\/01\/Book-Now-View-\u2022-QloApps-Booking-System.png\" alt=\"QloApps backend showing how to take offline bookings\" class=\"wp-image-4569\" width=\"615\" height=\"776\"\/><\/figure><\/div>\n\n\n<div style=\"height:63px\" aria-hidden=\"true\" class=\"wp-block-spacer\"><\/div>\n\n\n\n<h3 class=\"wp-block-heading\">Reserva de pagamento parcial<\/h3>\n\n\n\n<p>Com a ajuda do QloApps Hotel Reservation System, os clientes podem reservar quartos de hotel pagando uma quantia parcial definida pelo administrador. Os clientes n\u00e3o t\u00eam de pagar o valor total para reservar quartos no seu hotel. O cliente pode pagar uma parte do pagamento total antecipadamente. E pode ter status de reserva confirmado. Eles pagar\u00e3o o valor devido no momento do check-in no hotel e o administrador pode atualizar o valor devido no back-end.<br><br>O administrador pode definir essas configura\u00e7\u00f5es de pagamento parcial no back-end.<\/p>\n\n\n<div class=\"wp-block-image\">\n<figure class=\"aligncenter\"><img decoding=\"async\" src=\"https:\/\/qloapps.com\/wp-content\/uploads\/2016\/01\/Screenshot-1.png\" alt=\"\" class=\"wp-image-4571\"\/><\/figure><\/div>\n\n\n<div style=\"height:58px\" aria-hidden=\"true\" class=\"wp-block-spacer\"><\/div>\n\n\n\n<h3 class=\"wp-block-heading\">Gateway de pagamento integrado<\/h3>\n\n\n\n<p>QloApps suporta todos os gateways de pagamento. Fornecemos gateway de pagamento Paypal integrado por padr\u00e3o com QloApps. O Paypal \u00e9 o meio de pagamento mais popular para efetuar pagamentos com cart\u00e3o de cr\u00e9dito. Al\u00e9m disso, o PayPal \u00e9 um portal de pagamento renomado e confi\u00e1vel em todo o mundo. Isso garantir\u00e1 ao cliente que sua transa\u00e7\u00e3o \u00e9 segura no site de reserva de seu hotel.<\/p>\n\n\n<div class=\"wp-block-image\">\n<figure class=\"aligncenter is-resized\"><img loading=\"lazy\" decoding=\"async\" src=\"https:\/\/qloapps.com\/wp-content\/uploads\/2016\/01\/screen-payment-gateway-1.png\" alt=\"screen-payment-gateway\" class=\"wp-image-197\" width=\"160\" height=\"160\"\/><\/figure><\/div>\n\n\n<h3 class=\"wp-block-heading\">V\u00e1rios quartos \/ hot\u00e9is em pedido \u00fanico<\/h3>\n\n\n\n<p>Qlo fornece um recurso exclusivo para os usu\u00e1rios finais. Agora, os usu\u00e1rios podem reservar v\u00e1rios quartos \/ hot\u00e9is em um \u00fanico carrinho. Este recurso tornar\u00e1 o site do seu hotel amig\u00e1vel. Os usu\u00e1rios podem reservar quartos em v\u00e1rios hot\u00e9is em v\u00e1rias datas. Isso tornar\u00e1 o site uma solu\u00e7\u00e3o para as diferentes necessidades do usu\u00e1rio.<br><br>Por exemplo\u2013 se um usu\u00e1rio deseja reservar dois quartos de 31 de dezembro a 2 de janeiro em locais diferentes. O usu\u00e1rio pode adicionar um quarto de um hotel e outro de outro hotel em um \u00fanico carrinho e pode reserv\u00e1-los juntos.<br><br>Da mesma forma, se um usu\u00e1rio deseja reservar dois quartos, exceto um de 31 de dezembro a 2 de janeiro e outro de 5 de janeiro a 7 de janeiro, o usu\u00e1rio pode adicionar esses quartos em um \u00fanico carrinho e reserv\u00e1-los juntos.<\/p>\n\n\n<div class=\"wp-block-image\">\n<figure class=\"aligncenter is-resized\"><img loading=\"lazy\" decoding=\"async\" src=\"https:\/\/qloapps.com\/wp-content\/uploads\/2016\/01\/multi-room.png\" alt=\"\" class=\"wp-image-942\" width=\"655\" height=\"479\"\/><\/figure><\/div>\n\n\n<div style=\"height:42px\" aria-hidden=\"true\" class=\"wp-block-spacer\"><\/div>\n\n\n\n<h3 class=\"wp-block-heading\">Gerenciar regras de reembolso<\/h3>\n\n\n\n<p>Gerenciar as regras de reembolso \u00e9 a tarefa mais importante em qualquer sistema de reserva de hotel. Como \u00e0s vezes o cliente reserva quartos, mas por alguns motivos eles t\u00eam que cancelar ou alterar sua viagem, nesse caso, voc\u00ea precisa de regras de reembolso para que nenhuma complica\u00e7\u00e3o ocorra durante o reembolso do valor. Com Qlo voc\u00ea pode gerenciar facilmente as regras de reembolso. Voc\u00ea pode criar tantas regras de reembolso conforme sua necessidade.<br><\/p>\n\n\n<div class=\"wp-block-image\">\n<figure class=\"aligncenter\"><img decoding=\"async\" src=\"https:\/\/qloapps.com\/wp-content\/uploads\/2016\/01\/screen-refund-rules-1.png\" alt=\"screen-refund-rules\" class=\"wp-image-206\"\/><\/figure><\/div>\n\n\n<div style=\"height:45px\" aria-hidden=\"true\" class=\"wp-block-spacer\"><\/div>\n\n\n\n<h3 class=\"wp-block-heading\">Marketplace<\/h3>\n\n\n\n<p>Lance o mercado de seu hotel, trabalhe como uma ag\u00eancia de viagens online e ganhe uma comiss\u00e3o.<\/p>\n\n\n\n<p>Transforme o site do seu hotel em um mercado de hot\u00e9is. Adicione v\u00e1rios hot\u00e9is parceiros ao seu mercado e deixe-os listar e vender seus quartos de hotel em seu site de reserva de hotel.<br><br>Por meio do mercado, os clientes podem selecionar qualquer n\u00famero de quartos, n\u00e3o apenas de um ou dois hot\u00e9is, mas de v\u00e1rios hot\u00e9is ao mesmo tempo.<\/p>\n\n\n<div class=\"wp-block-image\">\n<figure class=\"aligncenter is-resized\"><img loading=\"lazy\" decoding=\"async\" src=\"https:\/\/qloapps.com\/wp-content\/themes\/hotel-reservation\/images\/marketplace\/marketplace.png\" alt=\"Qlo Marketplace\" width=\"512\" height=\"271\" title=\"Qlo Marketplace\"\/><\/figure><\/div>\n\n\n<div style=\"height:53px\" aria-hidden=\"true\" class=\"wp-block-spacer\"><\/div>\n\n\n\n<h3 class=\"wp-block-heading\">Gerente de canal<\/h3>\n\n\n\n<p>Com o QloApps Channel Manager, voc\u00ea poder\u00e1 sincronizar todas as suas listas de hot\u00e9is em uma \u00fanica plataforma. Sincronize suas taxas, estoques e reservas para evitar reservas insuficientes, reservas em excesso e gerenciamento incorreto de pre\u00e7os.<\/p>\n\n\n\n<h4 class=\"wp-block-heading\">Multicanal Integrado<\/h4>\n\n\n\n<p>O gerente de canal pode ser integrado a v\u00e1rias ag\u00eancias de viagens online para minimizar a entrada manual de dados.<\/p>\n\n\n<div class=\"wp-block-image\">\n<figure class=\"aligncenter is-resized\"><img loading=\"lazy\" decoding=\"async\" src=\"https:\/\/qloapps.com\/wp-content\/themes\/hotel-reservation\/images\/channel-manager\/multi-channel.png\" alt=\"\" width=\"636\" height=\"413\"\/><figcaption class=\"wp-element-caption\"><br><\/figcaption><\/figure><\/div>\n\n\n<div style=\"height:49px\" aria-hidden=\"true\" class=\"wp-block-spacer\"><\/div>\n\n\n\n<h3 class=\"wp-block-heading\">Gerenciar pre\u00e7os e estoque<\/h3>\n\n\n\n<p>Atualize pre\u00e7os e invent\u00e1rio de quartos em v\u00e1rias ag\u00eancias de viagens online (OTAs) por meio de uma \u00fanica plataforma em tempo real.<\/p>\n\n\n<div class=\"wp-block-image\">\n<figure class=\"aligncenter is-resized\"><img loading=\"lazy\" decoding=\"async\" src=\"https:\/\/qloapps.com\/wp-content\/themes\/hotel-reservation\/images\/channel-manager\/manage-prices-&amp;-inventory.png\" alt=\"\" width=\"754\" height=\"490\"\/><\/figure><\/div>\n\n\n<div style=\"height:76px\" aria-hidden=\"true\" class=\"wp-block-spacer\"><\/div>\n\n\n\n<h3 class=\"wp-block-heading\">Pode adicionar v\u00e1rios canais<\/h3>\n\n\n\n<p>Maximize o alcance global do seu hotel adicionando mais ag\u00eancias de viagens online.<\/p>\n\n\n\n<figure class=\"wp-block-image\"><img decoding=\"async\" src=\"https:\/\/qloapps.com\/wp-content\/themes\/hotel-reservation\/images\/channel-manager\/multiple-channels.png\" alt=\"\"\/><\/figure>\n\n\n\n<div style=\"height:70px\" aria-hidden=\"true\" class=\"wp-block-spacer\"><\/div>\n\n\n\n<h3 class=\"wp-block-heading\">Gerencie v\u00e1rios hot\u00e9is<\/h3>\n\n\n\n<p>Gerente de canal oferece uma interface intuitiva e amig\u00e1vel para gerenciar facilmente v\u00e1rios hot\u00e9is.<\/p>\n\n\n<div class=\"wp-block-image\">\n<figure class=\"aligncenter is-resized\"><img loading=\"lazy\" decoding=\"async\" src=\"https:\/\/qloapps.com\/wp-content\/themes\/hotel-reservation\/images\/channel-manager\/manage-multiple-hotels.png\" alt=\"\" width=\"721\" height=\"469\"\/><\/figure><\/div>\n\n\n<div style=\"height:51px\" aria-hidden=\"true\" class=\"wp-block-spacer\"><\/div>\n\n\n\n<h2 class=\"has-text-align-center wp-block-heading\">Tenha um Sistema de reservas de hot\u00e9is muito simples, integrado, requintado e f\u00e1cil de usar.<\/h2>\n\n\n\n<div style=\"height:18px\" aria-hidden=\"true\" class=\"wp-block-spacer\"><\/div>\n\n\n\n<h2 class=\"has-text-align-center wp-block-heading\">Escolha seu plano de hospedagem gerenciado para  Qlo\u2122 Hot\u00e9is<\/h2>\n\n\n\n<p class=\"has-text-align-center\">A hospedagem econ\u00f4mica em nuvem Qlo\u2122  foi projetada para atender \u00e0s suas necessidades de neg\u00f3cios.  Sem taxas de licenciamento<em>(licen\u00e7a<\/em> <em>GPL)<\/em>, quantidade de usu\u00e1rios e recursos ilimitados.<\/p>\n\n\n\n<p class=\"has-text-align-center\">Uma oferta de servi\u00e7os totalmente gerenciados (PaaS) \u00e9 o melhor gerenciamento em nuvem, oferecendo seguran\u00e7a e conformidade de n\u00edvel empresarial at\u00e9 os dispositivos dos usu\u00e1rios, mantendo a simplicidade e a facilidade de acesso.<\/p>\n\n\n\n<p class=\"has-text-align-center\">    Projete a sua <strong>performance<\/strong> e escolha seu plano de acordo com a sua <strong>necessidade<\/strong>.<\/p>\n\n\n\n<p class=\"has-small-font-size\">Realizamos implanta\u00e7\u00e3o em servidores pr\u00f3prios do cliente mediante solicita\u00e7\u00e3o de or\u00e7amento.<\/p>\n\n\n\n<div style=\"height:50px\" aria-hidden=\"true\" class=\"wp-block-spacer\"><\/div>\n\n\n\n<div class=\"wp-block-columns is-layout-flex wp-container-core-columns-is-layout-1 wp-block-columns-is-layout-flex\">\n<div class=\"wp-block-column is-layout-flow wp-block-column-is-layout-flow\"><div class=\"wp-block-image\">\n<figure class=\"aligncenter size-full is-resized\"><img loading=\"lazy\" decoding=\"async\" src=\"https:\/\/nsltecnologia.com.br\/wp-content\/uploads\/2023\/01\/icon_request-200x200-1.png\" alt=\"\" class=\"wp-image-56072\" width=\"173\" height=\"173\" srcset=\"https:\/\/nsltecnologia.com.br\/wp-content\/uploads\/2023\/01\/icon_request-200x200-1.png 200w, https:\/\/nsltecnologia.com.br\/wp-content\/uploads\/2023\/01\/icon_request-200x200-1-150x150.png 150w, https:\/\/nsltecnologia.com.br\/wp-content\/uploads\/2023\/01\/icon_request-200x200-1-100x100.png 100w\" sizes=\"auto, (max-width: 173px) 100vw, 173px\" \/><\/figure><\/div>\n\n\n<h4 class=\"has-text-align-center wp-block-heading\">Solicite uma demonstra\u00e7\u00e3o<\/h4>\n\n\n\n<p class=\"has-text-align-center\">Pe\u00e7a a um consultor de vendas experiente que fale com voc\u00ea sobre o SuiteCRM\u2122 e o valor que ele pode trazer para sua empresa.<\/p>\n\n\n\n<div class=\"wp-block-buttons is-layout-flex wp-block-buttons-is-layout-flex\">\n<div class=\"wp-block-button aligncenter\"><a class=\"wp-block-button__link wp-element-button\" href=\"https:\/\/nsltecnologia.com.br\/#contact-4\">Contato<\/a><\/div>\n<\/div>\n<\/div>\n\n\n\n<div class=\"wp-block-column is-layout-flow wp-block-column-is-layout-flow\"><div class=\"wp-block-image\">\n<figure class=\"aligncenter size-full is-resized\"><img loading=\"lazy\" decoding=\"async\" src=\"https:\/\/nsltecnologia.com.br\/wp-content\/uploads\/2023\/01\/icon_get-200x200-1.png\" alt=\"\" class=\"wp-image-56073\" width=\"167\" height=\"167\" srcset=\"https:\/\/nsltecnologia.com.br\/wp-content\/uploads\/2023\/01\/icon_get-200x200-1.png 200w, https:\/\/nsltecnologia.com.br\/wp-content\/uploads\/2023\/01\/icon_get-200x200-1-150x150.png 150w, https:\/\/nsltecnologia.com.br\/wp-content\/uploads\/2023\/01\/icon_get-200x200-1-100x100.png 100w\" sizes=\"auto, (max-width: 167px) 100vw, 167px\" \/><\/figure><\/div>\n\n\n<h4 class=\"has-text-align-center wp-block-heading\">Entrar em contato<\/h4>\n\n\n\n<p class=\"has-text-align-center\">Converse hoje para discutir suas necessidades de CRM.&nbsp;Estamos ansiosos para ouvir de voc\u00ea!<\/p>\n\n\n\n<div class=\"wp-block-jetpack-send-a-message\">\n<div class=\"wp-block-jetpack-whatsapp-button aligncenter is-color-dark\"><a class=\"whatsapp-block__button\" href=\"https:\/\/api.whatsapp.com\/send?phone=5598984958061&amp;text=Oi%2C%20encontrei%20suas%20informa%C3%A7%C3%B5es%20do%20WhatsApp%20no%20seu%20site.\" style=\"background-color:#25D366;color:#fff\" target=\"_self\" rel=\"noopener noreferrer\">Converse com um consultor<\/a><\/div>\n<\/div>\n<\/div>\n<\/div>\n\n\n\n<div style=\"height:100px\" aria-hidden=\"true\" class=\"wp-block-spacer\"><\/div>\n","protected":false},"excerpt":{"rendered":"<p>Qlo\u2122 H\u00f3teis possui todos os recursos que ir\u00e3o aumentar a efici\u00eancia e efic\u00e1cia do seu Hotel. Com muitos recursos atraentes para o administrador e o usu\u00e1rio, garantir\u00e1 o sucesso do site de reserva de hotel. O sistema de reservas Qlo\u2122 permite que os propriet\u00e1rios de hot\u00e9is gerenciem suas reservas on-line e ondesk lan\u00e7ando um site&hellip; <br \/> <a class=\"button small blue\" href=\"https:\/\/nsltecnologia.com.br\/?page_id=15195\">Leia mais<\/a><\/p>\n","protected":false},"author":1,"featured_media":0,"parent":0,"menu_order":0,"comment_status":"closed","ping_status":"closed","template":"","meta":{"_uag_custom_page_level_css":"","footnotes":""},"class_list":["post-15195","page","type-page","status-publish","hentry"],"uagb_featured_image_src":{"full":false,"thumbnail":false,"medium":false,"medium_large":false,"large":false,"1536x1536":false,"2048x2048":false,"post-thumbnail":false,"one-page-express-full-hd":false},"uagb_author_info":{"display_name":"nsl","author_link":"https:\/\/nsltecnologia.com.br\/?author=1"},"uagb_comment_info":0,"uagb_excerpt":"Qlo\u2122 H\u00f3teis possui todos os recursos que ir\u00e3o aumentar a efici\u00eancia e efic\u00e1cia do seu Hotel. Com muitos recursos atraentes para o administrador e o usu\u00e1rio, garantir\u00e1 o sucesso do site de reserva de hotel. O sistema de reservas Qlo\u2122 permite que os propriet\u00e1rios de hot\u00e9is gerenciem suas reservas on-line e ondesk lan\u00e7ando um site&hellip;&hellip;","_links":{"self":[{"href":"https:\/\/nsltecnologia.com.br\/index.php?rest_route=\/wp\/v2\/pages\/15195","targetHints":{"allow":["GET"]}}],"collection":[{"href":"https:\/\/nsltecnologia.com.br\/index.php?rest_route=\/wp\/v2\/pages"}],"about":[{"href":"https:\/\/nsltecnologia.com.br\/index.php?rest_route=\/wp\/v2\/types\/page"}],"author":[{"embeddable":true,"href":"https:\/\/nsltecnologia.com.br\/index.php?rest_route=\/wp\/v2\/users\/1"}],"replies":[{"embeddable":true,"href":"https:\/\/nsltecnologia.com.br\/index.php?rest_route=%2Fwp%2Fv2%2Fcomments&post=15195"}],"version-history":[{"count":21,"href":"https:\/\/nsltecnologia.com.br\/index.php?rest_route=\/wp\/v2\/pages\/15195\/revisions"}],"predecessor-version":[{"id":56718,"href":"https:\/\/nsltecnologia.com.br\/index.php?rest_route=\/wp\/v2\/pages\/15195\/revisions\/56718"}],"wp:attachment":[{"href":"https:\/\/nsltecnologia.com.br\/index.php?rest_route=%2Fwp%2Fv2%2Fmedia&parent=15195"}],"curies":[{"name":"wp","href":"https:\/\/api.w.org\/{rel}","templated":true}]}}